CRAN Package Check Results for Package VoxR

Last updated on 2021-10-24 20:51:22 CEST.

Flavor Version Tinstall Tcheck Ttotal Status Flags
r-devel-linux-x86_64-debian-clang 1.0.0 4.00 91.71 95.71 NOTE
r-devel-linux-x86_64-debian-gcc 1.0.0 3.63 61.98 65.61 NOTE
r-devel-linux-x86_64-fedora-clang 1.0.0 110.80 NOTE
r-devel-linux-x86_64-fedora-gcc 1.0.0 94.52 NOTE
r-devel-windows-x86_64 1.0.0 9.00 97.00 106.00 NOTE
r-devel-windows-x86_64-gcc10-UCRT 1.0.0 NOTE
r-patched-linux-x86_64 1.0.0 4.21 77.17 81.38 NOTE
r-patched-solaris-x86 1.0.0 114.60 NOTE
r-release-linux-x86_64 1.0.0 4.39 77.66 82.05 NOTE
r-release-macos-arm64 1.0.0 NOTE
r-release-macos-x86_64 1.0.0 NOTE
r-release-windows-ix86+x86_64 1.0.0 8.00 101.00 109.00 NOTE
r-oldrel-macos-x86_64 1.0.0 OK
r-oldrel-windows-ix86+x86_64 1.0.0 11.00 81.00 92.00 OK

Check Details

Version: 1.0.0
Check: LazyData
Result: NOTE
     'LazyData' is specified without a 'data' directory
Flavors: r-devel-linux-x86_64-debian-clang, r-devel-linux-x86_64-debian-gcc, r-devel-linux-x86_64-fedora-clang, r-devel-linux-x86_64-fedora-gcc, r-devel-windows-x86_64, r-devel-windows-x86_64-gcc10-UCRT, r-patched-linux-x86_64, r-patched-solaris-x86, r-release-linux-x86_64, r-release-macos-arm64, r-release-macos-x86_64, r-release-windows-ix86+x86_64