Last updated on 2023-10-02 09:05:06 CEST.
Flavor | Version | Tinstall | Tcheck | Ttotal | Status | Flags |
---|---|---|---|---|---|---|
r-devel-linux-x86_64-debian-clang | 1.4.3 | 9.54 | 144.14 | 153.68 | OK | |
r-devel-linux-x86_64-debian-gcc | 1.4.3 | 6.74 | 108.26 | 115.00 | OK | |
r-devel-linux-x86_64-fedora-clang | 1.4.3 | 182.77 | NOTE | |||
r-devel-linux-x86_64-fedora-gcc | 1.4.3 | 194.19 | NOTE | |||
r-devel-windows-x86_64 | 1.4.3 | 10.00 | 132.00 | 142.00 | OK | |
r-patched-linux-x86_64 | 1.4.3 | 7.76 | 136.79 | 144.55 | OK | |
r-release-linux-x86_64 | 1.4.3 | 5.66 | 139.32 | 144.98 | OK | |
r-release-macos-arm64 | 1.4.3 | 62.00 | OK | |||
r-release-macos-x86_64 | 1.4.3 | 93.00 | NOTE | |||
r-release-windows-x86_64 | 1.4.3 | 13.00 | 157.00 | 170.00 | OK | |
r-oldrel-macos-arm64 | 1.4.3 | 50.00 | NOTE | |||
r-oldrel-macos-x86_64 | 1.4.3 | 83.00 | NOTE | |||
r-oldrel-windows-x86_64 | 1.4.3 | 12.00 | 153.00 | 165.00 | OK |
Version: 1.4.3
Check: dependencies in R code
Result: NOTE
Namespace in Imports field not imported from: ‘rlang’
All declared Imports should be used.
Flavors: r-devel-linux-x86_64-fedora-clang, r-devel-linux-x86_64-fedora-gcc, r-oldrel-macos-arm64, r-oldrel-macos-x86_64
Version: 1.4.3
Check: package dependencies
Result: NOTE
Package suggested but not available for checking: ‘NPRED’
Flavor: r-release-macos-x86_64