CRAN Package Check Results for Package WGCNA

Last updated on 2021-10-22 12:59:33 CEST.

Flavor Version Tinstall Tcheck Ttotal Status Flags
r-devel-linux-x86_64-debian-clang 1.70-3 74.39 393.79 468.18 OK
r-devel-linux-x86_64-debian-gcc 1.70-3 59.06 295.78 354.84 OK
r-devel-linux-x86_64-fedora-clang 1.70-3 584.49 OK
r-devel-linux-x86_64-fedora-gcc 1.70-3 562.74 OK
r-devel-windows-x86_64 1.70-3 107.00 459.00 566.00 OK
r-devel-windows-x86_64-gcc10-UCRT 1.70-3 OK
r-patched-linux-x86_64 1.70-3 74.51 377.15 451.66 OK
r-patched-solaris-x86 1.70-3 707.70 OK
r-release-linux-x86_64 1.70-3 68.69 377.86 446.55 OK
r-release-macos-arm64 1.70-3 NOTE
r-release-macos-x86_64 1.70-3 ERROR
r-release-windows-ix86+x86_64 1.70-3 107.00 616.00 723.00 NOTE
r-oldrel-macos-x86_64 1.70-3 OK
r-oldrel-windows-ix86+x86_64 1.70-3 139.00 549.00 688.00 NOTE

Check Details

Version: 1.70-3
Check: installed package size
Result: NOTE
     installed size is 5.6Mb
     sub-directories of 1Mb or more:
     R 2.0Mb
     libs 1.8Mb
Flavors: r-release-macos-arm64, r-release-windows-ix86+x86_64, r-oldrel-windows-ix86+x86_64

Version: 1.70-3
Check: package dependencies
Result: ERROR
    Package required but not available: ‘GO.db’
    
    Packages suggested but not available for checking:
     'org.Hs.eg.db', 'org.Mm.eg.db'
    
    See section ‘The DESCRIPTION file’ in the ‘Writing R Extensions’
    manual.
Flavor: r-release-macos-x86_64