CRAN Package Check Results for Package WaveletArima

Last updated on 2022-01-22 07:53:01 CET.

Flavor Version Tinstall Tcheck Ttotal Status Flags
r-devel-linux-x86_64-debian-clang 0.1.1 6.17 71.44 77.61 NOTE
r-devel-linux-x86_64-debian-gcc 0.1.1 4.46 53.85 58.31 NOTE
r-devel-linux-x86_64-fedora-clang 0.1.1 97.03 NOTE
r-devel-linux-x86_64-fedora-gcc 0.1.1 81.22 NOTE
r-devel-windows-x86_64-new-UL 0.1.1 34.00 90.00 124.00 NOTE
r-devel-windows-x86_64-new-TK 0.1.1 NOTE
r-patched-linux-x86_64 0.1.1 6.02 67.00 73.02 NOTE
r-release-linux-x86_64 0.1.1 6.02 65.90 71.92 NOTE
r-release-macos-arm64 0.1.1 NOTE
r-release-macos-x86_64 0.1.1 NOTE
r-release-windows-ix86+x86_64 0.1.1 17.00 81.00 98.00 NOTE
r-oldrel-macos-x86_64 0.1.1 OK
r-oldrel-windows-ix86+x86_64 0.1.1 18.00 89.00 107.00 OK

Check Details

Version: 0.1.1
Check: LazyData
Result: NOTE
     'LazyData' is specified without a 'data' directory
Flavors: r-devel-linux-x86_64-debian-clang, r-devel-linux-x86_64-debian-gcc, r-devel-linux-x86_64-fedora-clang, r-devel-linux-x86_64-fedora-gcc, r-devel-windows-x86_64-new-UL, r-devel-windows-x86_64-new-TK, r-patched-linux-x86_64, r-release-linux-x86_64, r-release-macos-arm64, r-release-macos-x86_64, r-release-windows-ix86+x86_64