Last updated on 2023-03-27 20:52:32 CEST.
Flavor | Version | Tinstall | Tcheck | Ttotal | Status | Flags |
---|---|---|---|---|---|---|
r-devel-linux-x86_64-debian-clang | 1.2.1 | 123.72 | 63.70 | 187.42 | NOTE | |
r-devel-linux-x86_64-debian-gcc | 1.2.1 | 97.96 | 47.99 | 145.95 | NOTE | |
r-devel-linux-x86_64-fedora-clang | 1.2.1 | 288.82 | NOTE | |||
r-devel-linux-x86_64-fedora-gcc | 1.2.1 | 252.93 | NOTE | |||
r-patched-linux-x86_64 | 1.2.1 | 113.38 | 61.79 | 175.17 | NOTE | |
r-release-linux-x86_64 | 1.2.1 | 107.62 | 59.53 | 167.15 | OK | |
r-release-macos-arm64 | 1.2.1 | 48.00 | OK | |||
r-release-macos-x86_64 | 1.2.1 | 75.00 | OK | |||
r-release-windows-x86_64 | 1.2.1 | 149.00 | 116.00 | 265.00 | OK | |
r-oldrel-macos-arm64 | 1.2.1 | 48.00 | OK | |||
r-oldrel-macos-x86_64 | 1.2.1 | 85.00 | OK | |||
r-oldrel-windows-ix86+x86_64 | 1.2.1 | 310.00 | 119.00 | 429.00 | OK |
Version: 1.2.1
Check: C++ specification
Result: NOTE
Specified C++11: please drop specification unless essential
Flavors: r-devel-linux-x86_64-debian-clang, r-devel-linux-x86_64-debian-gcc, r-devel-linux-x86_64-fedora-clang, r-devel-linux-x86_64-fedora-gcc, r-patched-linux-x86_64