CRAN Package Check Results for Package WeightSVM

Last updated on 2021-10-24 20:51:22 CEST.

Flavor Version Tinstall Tcheck Ttotal Status Flags
r-devel-linux-x86_64-debian-clang 1.7-9 6.24 34.96 41.20 OK
r-devel-linux-x86_64-debian-gcc 1.7-9 5.22 27.21 32.43 OK
r-devel-linux-x86_64-fedora-clang 1.7-9 64.35 NOTE
r-devel-linux-x86_64-fedora-gcc 1.7-9 53.36 OK
r-devel-windows-x86_64 1.7-9 11.00 60.00 71.00 OK
r-devel-windows-x86_64-gcc10-UCRT 1.7-9 OK
r-patched-linux-x86_64 1.7-9 6.64 34.08 40.72 OK
r-patched-solaris-x86 1.7-9 81.00 OK
r-release-linux-x86_64 1.7-9 5.43 34.36 39.79 OK
r-release-macos-arm64 1.7-5 OK
r-release-macos-x86_64 1.7-9 OK
r-release-windows-ix86+x86_64 1.7-9 14.00 79.00 93.00 OK
r-oldrel-macos-x86_64 1.7-9 OK
r-oldrel-windows-ix86+x86_64 1.7-9 16.00 57.00 73.00 OK

Check Details

Version: 1.7-9
Check: Rd cross-references
Result: NOTE
    Undeclared package ‘slam’ in Rd xrefs
Flavor: r-devel-linux-x86_64-fedora-clang