CRAN Package Check Results for Package XBRL

Last updated on 2021-09-26 00:48:59 CEST.

Flavor Version Tinstall Tcheck Ttotal Status Flags
r-devel-linux-x86_64-debian-clang 0.99.18 114.84 29.85 144.69 NOTE
r-devel-linux-x86_64-debian-gcc 0.99.18 72.00 23.43 95.43 NOTE
r-devel-linux-x86_64-fedora-clang 0.99.18 214.18 NOTE
r-devel-linux-x86_64-fedora-gcc 0.99.18 176.14 NOTE
r-devel-windows-x86_64 0.99.18 109.00 46.00 155.00 NOTE
r-devel-windows-x86_64-gcc10-UCRT 0.99.18 NOTE
r-patched-linux-x86_64 0.99.18 85.00 29.36 114.36 NOTE
r-patched-solaris-x86 0.99.18 169.10 NOTE
r-release-linux-x86_64 0.99.18 84.16 29.06 113.22 NOTE
r-release-macos-arm64 0.99.18 NOTE
r-release-macos-x86_64 0.99.18 NOTE
r-release-windows-ix86+x86_64 0.99.18 256.00 73.00 329.00 NOTE
r-oldrel-macos-x86_64 0.99.18 NOTE
r-oldrel-windows-ix86+x86_64 0.99.18 221.00 69.00 290.00 NOTE

Check Details

Version: 0.99.18
Check: top-level files
Result: NOTE
    Found a 'configure.in' file: 'configure.ac' has long been preferred.
     Output from running autoreconf:
     autoreconf: warning: autoconf input should be named 'configure.ac', not 'configure.in'
     aclocal: warning: autoconf input should be named 'configure.ac', not 'configure.in'
     configure.in:31: warning: AC_OUTPUT should be used without arguments.
     configure.in:31: You should run autoupdate.
Flavors: r-devel-linux-x86_64-debian-clang, r-devel-linux-x86_64-debian-gcc, r-patched-linux-x86_64, r-release-linux-x86_64

Version: 0.99.18
Check: top-level files
Result: NOTE
    Found a ‘configure.in’ file: ‘configure.ac’ has long been preferred.
     Output from running autoreconf:
     aclocal: warning: autoconf input should be named 'configure.ac', not 'configure.in'
Flavors: r-devel-linux-x86_64-fedora-clang, r-devel-linux-x86_64-fedora-gcc

Version: 0.99.18
Check: top-level files
Result: NOTE
    Found a 'configure.in' file: 'configure.ac' has long been preferred.
Flavors: r-devel-windows-x86_64, r-devel-windows-x86_64-gcc10-UCRT, r-patched-solaris-x86, r-release-macos-arm64, r-release-macos-x86_64, r-release-windows-ix86+x86_64, r-oldrel-macos-x86_64, r-oldrel-windows-ix86+x86_64

Version: 0.99.18
Check: installed package size
Result: NOTE
     installed size is 8.5Mb
     sub-directories of 1Mb or more:
     libs 8.4Mb
Flavors: r-release-macos-arm64, r-release-macos-x86_64, r-release-windows-ix86+x86_64, r-oldrel-macos-x86_64, r-oldrel-windows-ix86+x86_64