Last updated on 2023-03-28 12:54:57 CEST.
Flavor | Version | Tinstall | Tcheck | Ttotal | Status | Flags |
---|---|---|---|---|---|---|
r-devel-linux-x86_64-debian-clang | 0.99.19.1 | 112.45 | 30.53 | 142.98 | OK | |
r-devel-linux-x86_64-debian-gcc | 0.99.19.1 | 90.31 | 23.70 | 114.01 | OK | |
r-devel-linux-x86_64-fedora-clang | 0.99.19.1 | 229.86 | OK | |||
r-devel-linux-x86_64-fedora-gcc | 0.99.19.1 | 189.21 | OK | |||
r-patched-linux-x86_64 | 0.99.19.1 | 95.02 | 29.53 | 124.55 | OK | |
r-release-linux-x86_64 | 0.99.19.1 | 93.03 | 31.48 | 124.51 | OK | |
r-release-macos-arm64 | 0.99.19.1 | 48.00 | OK | |||
r-release-macos-x86_64 | 0.99.19.1 | 62.00 | OK | |||
r-release-windows-x86_64 | 0.99.19.1 | 91.00 | 90.00 | 181.00 | OK | |
r-oldrel-macos-arm64 | 0.99.19.1 | 55.00 | OK | |||
r-oldrel-macos-x86_64 | 0.99.19.1 | 61.00 | OK | |||
r-oldrel-windows-ix86+x86_64 | 0.99.19.1 | 259.00 | 92.00 | 351.00 | NOTE |
Version: 0.99.19.1
Check: installed package size
Result: NOTE
installed size is 6.2Mb
sub-directories of 1Mb or more:
libs 6.1Mb
Flavor: r-oldrel-windows-ix86+x86_64