Last updated on 2023-09-21 16:58:06 CEST.
Flavor | Version | Tinstall | Tcheck | Ttotal | Status | Flags |
---|---|---|---|---|---|---|
r-devel-linux-x86_64-debian-clang | 1.0.7 | 12.01 | 187.04 | 199.05 | OK | |
r-devel-linux-x86_64-debian-gcc | 1.0.7 | 9.09 | 136.32 | 145.41 | OK | |
r-devel-linux-x86_64-fedora-clang | 1.0.7 | 227.06 | NOTE | |||
r-devel-linux-x86_64-fedora-gcc | 1.0.7 | 240.19 | OK | |||
r-devel-windows-x86_64 | 1.0.7 | 19.00 | 245.00 | 264.00 | NOTE | |
r-patched-linux-x86_64 | 1.0.7 | 15.26 | 177.87 | 193.13 | OK | |
r-release-linux-x86_64 | 1.0.7 | 10.54 | 181.50 | 192.04 | OK | |
r-release-macos-arm64 | 1.0.7 | 94.00 | NOTE | |||
r-release-macos-x86_64 | 1.0.7 | 138.00 | NOTE | |||
r-release-windows-x86_64 | 1.0.7 | 23.00 | 263.00 | 286.00 | NOTE | |
r-oldrel-macos-arm64 | 1.0.7 | 91.00 | NOTE | |||
r-oldrel-macos-x86_64 | 1.0.7 | 113.00 | NOTE | |||
r-oldrel-windows-x86_64 | 1.0.7 | 25.00 | 253.00 | 278.00 | NOTE |
Version: 1.0.7
Check: installed package size
Result: NOTE
installed size is 27.1Mb
sub-directories of 1Mb or more:
java 24.5Mb
Flavors: r-devel-linux-x86_64-fedora-clang, r-devel-windows-x86_64, r-release-macos-arm64, r-release-macos-x86_64, r-release-windows-x86_64, r-oldrel-macos-arm64, r-oldrel-macos-x86_64, r-oldrel-windows-x86_64