CRAN Package Check Results for Package aGE

Last updated on 2021-10-16 13:03:47 CEST.

Flavor Version Tinstall Tcheck Ttotal Status Flags
r-devel-linux-x86_64-debian-clang 0.0.9 2.88 32.38 35.26 NOTE
r-devel-linux-x86_64-debian-gcc 0.0.9 2.19 24.93 27.12 NOTE
r-devel-linux-x86_64-fedora-clang 0.0.9 52.18 NOTE
r-devel-linux-x86_64-fedora-gcc 0.0.9 44.88 NOTE
r-devel-windows-x86_64 0.0.9 6.00 37.00 43.00 NOTE
r-devel-windows-x86_64-gcc10-UCRT 0.0.9 NOTE
r-patched-linux-x86_64 0.0.9 2.79 31.30 34.09 NOTE
r-patched-solaris-x86 0.0.9 61.90 NOTE
r-release-linux-x86_64 0.0.9 2.89 31.50 34.39 NOTE
r-release-macos-arm64 0.0.9 NOTE
r-release-macos-x86_64 0.0.9 NOTE
r-release-windows-ix86+x86_64 0.0.9 7.00 51.00 58.00 NOTE
r-oldrel-macos-x86_64 0.0.9 OK
r-oldrel-windows-ix86+x86_64 0.0.9 7.00 50.00 57.00 NOTE

Check Details

Version: 0.0.9
Check: LazyData
Result: NOTE
     'LazyData' is specified without a 'data' directory
Flavors: r-devel-linux-x86_64-debian-clang, r-devel-linux-x86_64-debian-gcc, r-devel-linux-x86_64-fedora-clang, r-devel-linux-x86_64-fedora-gcc, r-devel-windows-x86_64, r-devel-windows-x86_64-gcc10-UCRT, r-patched-linux-x86_64, r-patched-solaris-x86, r-release-linux-x86_64, r-release-macos-arm64, r-release-macos-x86_64, r-release-windows-ix86+x86_64

Version: 0.0.9
Check: package vignettes
Result: NOTE
    Package vignette with placeholder title 'Vignette Title':
     'About.Rmd'
Flavors: r-devel-linux-x86_64-debian-clang, r-devel-linux-x86_64-debian-gcc, r-devel-windows-x86_64, r-patched-linux-x86_64, r-release-linux-x86_64, r-release-windows-ix86+x86_64, r-oldrel-windows-ix86+x86_64