CRAN Package Check Results for Package abbyyR

Last updated on 2022-01-17 19:49:26 CET.

Flavor Version Tinstall Tcheck Ttotal Status Flags
r-devel-linux-x86_64-debian-clang 0.5.5 6.00 60.06 66.06 NOTE
r-devel-linux-x86_64-debian-gcc 0.5.5 4.67 46.83 51.50 NOTE
r-devel-linux-x86_64-fedora-clang 0.5.5 81.90 NOTE
r-devel-linux-x86_64-fedora-gcc 0.5.5 69.63 NOTE
r-devel-windows-x86_64-new-UL 0.5.5 49.00 92.00 141.00 NOTE
r-devel-windows-x86_64-new-TK 0.5.5 NOTE
r-patched-linux-x86_64 0.5.5 5.93 57.99 63.92 NOTE
r-release-linux-x86_64 0.5.5 NOTE
r-release-macos-arm64 0.5.5 NOTE
r-release-macos-x86_64 0.5.5 NOTE
r-release-windows-ix86+x86_64 0.5.5 14.00 78.00 92.00 NOTE
r-oldrel-macos-x86_64 0.5.5 OK
r-oldrel-windows-ix86+x86_64 0.5.5 13.00 80.00 93.00 OK

Check Details

Version: 0.5.5
Check: LazyData
Result: NOTE
     'LazyData' is specified without a 'data' directory
Flavors: r-devel-linux-x86_64-debian-clang, r-devel-linux-x86_64-debian-gcc, r-devel-linux-x86_64-fedora-clang, r-devel-linux-x86_64-fedora-gcc, r-devel-windows-x86_64-new-UL, r-devel-windows-x86_64-new-TK, r-patched-linux-x86_64, r-release-linux-x86_64, r-release-macos-arm64, r-release-macos-x86_64, r-release-windows-ix86+x86_64