CRAN Package Check Results for Package abcrf

Last updated on 2021-12-01 15:51:49 CET.

Flavor Version Tinstall Tcheck Ttotal Status Flags
r-devel-linux-x86_64-debian-clang 1.8.1 77.65 89.19 166.84 OK
r-devel-linux-x86_64-debian-gcc 1.8.1 53.40 66.41 119.81 OK
r-devel-linux-x86_64-fedora-clang 1.8.1 243.57 NOTE
r-devel-linux-x86_64-fedora-gcc 1.8.1 214.22 OK
r-devel-windows-x86_64-new-UL 1.8.1 108.00 148.00 256.00 OK
r-devel-windows-x86_64-new-TK 1.8.1 OK
r-devel-windows-x86_64-old 1.8.1 106.00 90.00 196.00 OK
r-patched-linux-x86_64 1.8.1 56.48 82.61 139.09 OK
r-patched-solaris-x86 1.8.1 241.10 OK
r-release-linux-x86_64 1.8.1 62.62 83.42 146.04 OK
r-release-macos-arm64 1.8.1 NOTE
r-release-macos-x86_64 1.8.1 NOTE
r-release-windows-ix86+x86_64 1.8.1 184.00 127.00 311.00 NOTE
r-oldrel-macos-x86_64 1.8.1 NOTE
r-oldrel-windows-ix86+x86_64 1.8.1 141.00 144.00 285.00 NOTE

Check Details

Version: 1.8.1
Check: installed package size
Result: NOTE
     installed size is 5.1Mb
     sub-directories of 1Mb or more:
     data 2.6Mb
     libs 2.3Mb
Flavors: r-devel-linux-x86_64-fedora-clang, r-release-macos-arm64, r-release-macos-x86_64, r-release-windows-ix86+x86_64, r-oldrel-macos-x86_64, r-oldrel-windows-ix86+x86_64