CRAN Package Check Results for Package abglasso

Last updated on 2021-12-07 23:54:20 CET.

Flavor Version Tinstall Tcheck Ttotal Status Flags
r-devel-linux-x86_64-debian-clang 0.1.1 1.80 30.25 32.05 OK
r-devel-linux-x86_64-debian-gcc 0.1.1 1.51 24.52 26.03 OK
r-devel-linux-x86_64-fedora-clang 0.1.1 41.45 NOTE
r-devel-linux-x86_64-fedora-gcc 0.1.1 30.66 NOTE
r-devel-windows-x86_64-new-UL 0.1.1 6.00 57.00 63.00 OK
r-devel-windows-x86_64-new-TK 0.1.1 NOTE
r-devel-windows-x86_64-old 0.1.1 4.00 39.00 43.00 OK
r-patched-linux-x86_64 0.1.1 2.02 29.06 31.08 OK
r-release-linux-x86_64 0.1.1 1.95 29.20 31.15 OK
r-release-macos-arm64 0.1.1 NOTE
r-release-macos-x86_64 0.1.1 NOTE
r-release-windows-ix86+x86_64 0.1.1 4.00 38.00 42.00 OK
r-oldrel-macos-x86_64 0.1.1 NOTE
r-oldrel-windows-ix86+x86_64 0.1.1 5.00 38.00 43.00 OK

Check Details

Version: 0.1.1
Check: dependencies in R code
Result: NOTE
    Namespace in Imports field not imported from: ‘MASS’
     All declared Imports should be used.
Flavors: r-devel-linux-x86_64-fedora-clang, r-devel-linux-x86_64-fedora-gcc, r-devel-windows-x86_64-new-TK, r-release-macos-arm64, r-release-macos-x86_64, r-oldrel-macos-x86_64