CRAN Package Check Results for Package acc

Last updated on 2023-03-25 23:51:36 CET.

Flavor Version Tinstall Tcheck Ttotal Status Flags
r-devel-linux-x86_64-debian-clang 1.3.3 75.48 87.58 163.06 OK
r-devel-linux-x86_64-debian-gcc 1.3.3 57.39 64.76 122.15 OK
r-devel-linux-x86_64-fedora-gcc 1.3.3 198.70 NOTE
r-devel-windows-x86_64 1.3.3 74.00 139.00 213.00 OK
r-patched-linux-x86_64 1.3.3 60.62 82.44 143.06 OK
r-release-linux-x86_64 1.3.3 57.90 83.47 141.37 OK
r-release-macos-arm64 1.3.3 59.00 OK
r-release-macos-x86_64 1.3.3 71.00 OK
r-release-windows-x86_64 1.3.3 66.00 140.00 206.00 OK
r-oldrel-macos-arm64 1.3.3 61.00 OK
r-oldrel-macos-x86_64 1.3.3 107.00 OK
r-oldrel-windows-ix86+x86_64 1.3.3 167.00 145.00 312.00 OK

Check Details

Version: 1.3.3
Check: compiled code
Result: NOTE
    File ‘acc/libs/acc.so’:
     Found no calls to: ‘R_registerRoutines’, ‘R_useDynamicSymbols’
    
    It is good practice to register native routines and to disable symbol
    search.
    
    See ‘Writing portable packages’ in the ‘Writing R Extensions’ manual.
Flavor: r-devel-linux-x86_64-fedora-gcc