CRAN Package Check Results for Package acs

Last updated on 2021-09-19 04:52:45 CEST.

Flavor Version Tinstall Tcheck Ttotal Status Flags
r-devel-linux-x86_64-debian-clang 2.1.4 9.51 54.37 63.88 OK
r-devel-linux-x86_64-debian-gcc 2.1.4 7.92 41.81 49.73 OK
r-devel-linux-x86_64-fedora-clang 2.1.4 85.69 NOTE
r-devel-linux-x86_64-fedora-gcc 2.1.4 76.79 NOTE
r-devel-windows-x86_64 2.1.4 12.00 66.00 78.00 OK
r-devel-windows-x86_64-gcc10-UCRT 2.1.4 ERROR
r-patched-linux-x86_64 2.1.4 10.22 52.68 62.90 OK
r-patched-solaris-x86 2.1.4 110.00 OK
r-release-linux-x86_64 2.1.4 9.80 52.67 62.47 OK
r-release-macos-arm64 2.1.4 OK
r-release-macos-x86_64 2.1.4 OK
r-release-windows-ix86+x86_64 2.1.4 20.00 75.00 95.00 OK
r-oldrel-macos-x86_64 2.1.4 OK
r-oldrel-windows-ix86+x86_64 2.1.4 20.00 55.00 75.00 OK

Check Details

Version: 2.1.4
Check: top-level files
Result: NOTE
    ‘configure’: /bin/bash is not portable
Flavors: r-devel-linux-x86_64-fedora-clang, r-devel-linux-x86_64-fedora-gcc

Version: 2.1.4
Check: package dependencies
Result: ERROR
    Package required but not available: 'XML'
    
    See section 'The DESCRIPTION file' in the 'Writing R Extensions'
    manual.
Flavor: r-devel-windows-x86_64-gcc10-UCRT