CRAN Package Check Results for Package activpalProcessing

Last updated on 2019-10-15 20:48:38 CEST.

Flavor Version Tinstall Tcheck Ttotal Status Flags
r-devel-linux-x86_64-debian-clang 1.0.2 8.95 45.18 54.13 OK
r-devel-linux-x86_64-debian-gcc 1.0.2 7.83 37.14 44.97 OK
r-devel-linux-x86_64-fedora-clang 1.0.2 68.20 NOTE
r-devel-linux-x86_64-fedora-gcc 1.0.2 66.29 OK
r-devel-windows-ix86+x86_64 1.0.2 14.00 89.00 103.00 NOTE
r-patched-linux-x86_64 1.0.2 8.27 44.88 53.15 OK
r-patched-solaris-x86 1.0.2 108.90 NOTE
r-release-linux-x86_64 1.0.2 8.09 44.55 52.64 OK
r-release-windows-ix86+x86_64 1.0.2 19.00 59.00 78.00 NOTE
r-release-osx-x86_64 1.0.2 NOTE
r-oldrel-windows-ix86+x86_64 1.0.2 10.00 60.00 70.00 NOTE
r-oldrel-osx-x86_64 1.0.2 NOTE

Check Details

Version: 1.0.2
Check: installed package size
Result: NOTE
     installed size is 5.6Mb
     sub-directories of 1Mb or more:
     data 5.4Mb
Flavors: r-devel-linux-x86_64-fedora-clang, r-devel-windows-ix86+x86_64, r-patched-solaris-x86, r-release-windows-ix86+x86_64, r-release-osx-x86_64, r-oldrel-windows-ix86+x86_64, r-oldrel-osx-x86_64