CRAN Package Check Results for Package activpalProcessing

Last updated on 2019-05-21 04:48:42 CEST.

Flavor Version Tinstall Tcheck Ttotal Status Flags
r-devel-linux-x86_64-debian-clang 1.0.2 9.10 45.16 54.26 OK
r-devel-linux-x86_64-debian-gcc 1.0.2 7.61 37.81 45.42 OK
r-devel-linux-x86_64-fedora-clang 1.0.2 67.03 NOTE
r-devel-linux-x86_64-fedora-gcc 1.0.2 65.82 OK
r-devel-windows-ix86+x86_64 1.0.2 17.00 83.00 100.00 NOTE
r-patched-linux-x86_64 1.0.2 7.54 45.59 53.13 OK
r-patched-solaris-x86 1.0.2 110.20 NOTE
r-release-linux-x86_64 1.0.2 8.05 45.46 53.51 OK
r-release-windows-ix86+x86_64 1.0.2 12.00 112.00 124.00 NOTE
r-release-osx-x86_64 1.0.2 NOTE
r-oldrel-windows-ix86+x86_64 1.0.2 12.00 62.00 74.00 NOTE
r-oldrel-osx-x86_64 1.0.2 NOTE

Check Details

Version: 1.0.2
Check: installed package size
Result: NOTE
     installed size is 5.6Mb
     sub-directories of 1Mb or more:
     data 5.4Mb
Flavors: r-devel-linux-x86_64-fedora-clang, r-devel-windows-ix86+x86_64, r-patched-solaris-x86, r-release-windows-ix86+x86_64, r-release-osx-x86_64, r-oldrel-windows-ix86+x86_64, r-oldrel-osx-x86_64