CRAN Package Check Results for Package adbcsqlite

Last updated on 2024-04-14 12:51:57 CEST.

Flavor Version Tinstall Tcheck Ttotal Status Flags
r-devel-linux-x86_64-debian-clang 0.10.0 11.76 22.60 34.36 OK
r-devel-linux-x86_64-debian-gcc 0.10.0 9.85 18.41 28.26 OK
r-devel-linux-x86_64-fedora-clang 0.10.0 45.59 OK
r-devel-linux-x86_64-fedora-gcc 0.10.0 46.86 OK
r-devel-windows-x86_64 0.10.0 25.00 54.00 79.00 OK
r-patched-linux-x86_64 0.10.0 13.59 22.02 35.61 OK
r-release-linux-x86_64 0.10.0 11.03 21.96 32.99 OK
r-release-macos-arm64 0.10.0 25.00 NOTE
r-release-macos-x86_64 0.10.0 36.00 NOTE
r-release-windows-x86_64 0.10.0 28.00 56.00 84.00 OK
r-oldrel-macos-arm64 0.10.0 22.00 NOTE
r-oldrel-windows-x86_64 0.10.0 18.00 52.00 70.00 OK

Check Details

Version: 0.10.0
Check: installed package size
Result: NOTE installed size is 8.5Mb sub-directories of 1Mb or more: libs 8.4Mb Flavors: r-release-macos-arm64, r-release-macos-x86_64, r-oldrel-macos-arm64