Last updated on 2023-12-11 11:53:24 CET.
Flavor | Version | Tinstall | Tcheck | Ttotal | Status | Flags |
---|---|---|---|---|---|---|
r-devel-linux-x86_64-debian-clang | 2.1.10 | 31.46 | 234.50 | 265.96 | OK | |
r-devel-linux-x86_64-debian-gcc | 2.1.10 | 25.99 | 172.55 | 198.54 | OK | |
r-devel-linux-x86_64-fedora-clang | 2.1.10 | 342.21 | OK | |||
r-devel-linux-x86_64-fedora-gcc | 2.1.10 | 343.81 | OK | |||
r-devel-windows-x86_64 | 2.1.10 | 34.00 | 202.00 | 236.00 | OK | |
r-patched-linux-x86_64 | 2.1.10 | 42.84 | 223.72 | 266.56 | OK | |
r-release-linux-x86_64 | 2.1.10 | 29.97 | 221.62 | 251.59 | OK | |
r-release-macos-arm64 | 2.1.10 | 93.00 | NOTE | |||
r-release-macos-x86_64 | 2.1.10 | 150.00 | NOTE | |||
r-release-windows-x86_64 | 2.1.10 | 44.00 | 250.00 | 294.00 | OK | |
r-oldrel-macos-arm64 | 2.1.10 | 83.00 | NOTE | |||
r-oldrel-macos-x86_64 | 2.1.10 | 114.00 | OK | |||
r-oldrel-windows-x86_64 | 2.1.10 | 44.00 | 242.00 | 286.00 | OK |
Version: 2.1.10
Check: installed package size
Result: NOTE
installed size is 5.8Mb
sub-directories of 1Mb or more:
R 2.0Mb
data 1.3Mb
files 1.7Mb
Flavors: r-release-macos-arm64, r-release-macos-x86_64, r-oldrel-macos-arm64
Version: 2.1.10
Check: package dependencies
Result: NOTE
Packages suggested but not available for checking:
'adespatial', 'hierfstat', 'spdep', 'poppr'
Flavor: r-release-macos-x86_64
Version: 2.1.10
Check: Rd cross-references
Result: NOTE
Package unavailable to check Rd xrefs: ‘spdep’
Flavor: r-release-macos-x86_64