Last updated on 2023-12-07 07:50:23 CET.
Flavor | Version | Tinstall | Tcheck | Ttotal | Status | Flags |
---|---|---|---|---|---|---|
r-devel-linux-x86_64-debian-clang | 0.3.16 | 8.44 | 62.30 | 70.74 | NOTE | |
r-devel-linux-x86_64-debian-gcc | 0.3.16 | 5.70 | 48.11 | 53.81 | NOTE | |
r-devel-linux-x86_64-fedora-clang | 0.3.16 | 89.31 | OK | |||
r-devel-linux-x86_64-fedora-gcc | 0.3.16 | 100.73 | OK | |||
r-devel-windows-x86_64 | 0.3.16 | 9.00 | 90.00 | 99.00 | OK | |
r-patched-linux-x86_64 | 0.3.16 | 7.73 | 61.01 | 68.74 | OK | |
r-release-linux-x86_64 | 0.3.16 | 8.50 | 60.27 | 68.77 | OK | |
r-release-macos-arm64 | 0.3.16 | 44.00 | OK | |||
r-release-macos-x86_64 | 0.3.16 | 68.00 | OK | |||
r-release-windows-x86_64 | 0.3.16 | 11.00 | 91.00 | 102.00 | OK | |
r-oldrel-macos-arm64 | 0.3.16 | 39.00 | OK | |||
r-oldrel-macos-x86_64 | 0.3.16 | 68.00 | OK | |||
r-oldrel-windows-x86_64 | 0.3.16 | 13.00 | 112.00 | 125.00 | OK |
Version: 0.3.16
Check: Rd files
Result: NOTE
checkRd: (-1) adeoptions.Rd:21-23: Lost braces
21 | \code{epsilon}{ the smallest significant distance between two points
| ^
checkRd: (-1) adeoptions.Rd:25-27: Lost braces
25 | \code{shortprint}{ logical. Defines whether special \code{show}
| ^
Flavors: r-devel-linux-x86_64-debian-clang, r-devel-linux-x86_64-debian-gcc