Last updated on 2025-01-24 20:49:03 CET.
Flavor | Version | Tinstall | Tcheck | Ttotal | Status | Flags |
---|---|---|---|---|---|---|
r-devel-linux-x86_64-debian-clang | 1.2 | 11.55 | 314.53 | 326.08 | OK | |
r-devel-linux-x86_64-debian-gcc | 1.2 | 7.16 | 251.14 | 258.30 | OK | |
r-devel-linux-x86_64-fedora-clang | 1.2 | 552.10 | OK | |||
r-devel-linux-x86_64-fedora-gcc | 1.2 | 541.01 | OK | |||
r-devel-windows-x86_64 | 1.2 | 13.00 | 131.00 | 144.00 | OK | --no-vignettes |
r-patched-linux-x86_64 | 1.2 | 9.67 | 301.13 | 310.80 | NOTE | |
r-release-linux-x86_64 | 1.2 | 11.11 | 298.67 | 309.78 | NOTE | |
r-release-macos-arm64 | 1.2 | 163.00 | NOTE | |||
r-release-macos-x86_64 | 1.2 | 252.00 | NOTE | |||
r-release-windows-x86_64 | 1.2 | 12.00 | 126.00 | 138.00 | NOTE | --no-vignettes |
r-oldrel-macos-arm64 | 1.2 | 179.00 | NOTE | |||
r-oldrel-macos-x86_64 | 1.2 | 288.00 | NOTE | |||
r-oldrel-windows-x86_64 | 1.2 | 16.00 | 146.00 | 162.00 | NOTE | --no-vignettes |
Version: 1.2
Check: LazyData
Result: NOTE
'LazyData' is specified without a 'data' directory
Flavors: r-patched-linux-x86_64, r-release-linux-x86_64, r-release-macos-arm64, r-release-macos-x86_64, r-oldrel-macos-arm64, r-oldrel-macos-x86_64
Version: 1.2
Check: installed package size
Result: NOTE
installed size is 5.1Mb
sub-directories of 1Mb or more:
doc 4.7Mb
Flavors: r-release-macos-arm64, r-release-macos-x86_64, r-oldrel-macos-arm64, r-oldrel-macos-x86_64
Version: 1.2
Flags: --no-vignettes
Check: installed package size
Result: NOTE
installed size is 5.1Mb
sub-directories of 1Mb or more:
doc 4.7Mb
Flavors: r-release-windows-x86_64, r-oldrel-windows-x86_64
Version: 1.2
Flags: --no-vignettes
Check: LazyData
Result: NOTE
'LazyData' is specified without a 'data' directory
Flavors: r-release-windows-x86_64, r-oldrel-windows-x86_64