Last updated on 2023-06-05 08:53:21 CEST.
Flavor | Version | Tinstall | Tcheck | Ttotal | Status | Flags |
---|---|---|---|---|---|---|
r-devel-linux-x86_64-debian-clang | 0.1.8 | 4.99 | 41.29 | 46.28 | OK | |
r-devel-linux-x86_64-debian-gcc | 0.1.8 | 4.26 | 32.01 | 36.27 | OK | |
r-devel-linux-x86_64-fedora-clang | 0.1.8 | 60.79 | NOTE | |||
r-devel-linux-x86_64-fedora-gcc | 0.1.8 | 66.70 | NOTE | |||
r-devel-windows-x86_64 | 0.1.8 | 9.00 | 55.00 | 64.00 | NOTE | |
r-patched-linux-x86_64 | 0.1.8 | 6.07 | 39.33 | 45.40 | OK | |
r-release-linux-x86_64 | 0.1.8 | 5.89 | 39.40 | 45.29 | OK | |
r-release-macos-arm64 | 0.1.8 | 32.00 | NOTE | |||
r-release-macos-x86_64 | 0.1.8 | 43.00 | NOTE | |||
r-release-windows-x86_64 | 0.1.8 | 10.00 | 172.00 | 182.00 | NOTE | |
r-oldrel-macos-arm64 | 0.1.8 | 23.00 | NOTE | |||
r-oldrel-macos-x86_64 | 0.1.8 | 45.00 | NOTE | |||
r-oldrel-windows-x86_64 | 0.1.8 | 12.00 | 62.00 | 74.00 | NOTE |
Version: 0.1.8
Check: installed package size
Result: NOTE
installed size is 5.8Mb
sub-directories of 1Mb or more:
tutorials 5.6Mb
Flavors: r-devel-linux-x86_64-fedora-clang, r-devel-windows-x86_64, r-release-macos-arm64, r-release-macos-x86_64, r-release-windows-x86_64, r-oldrel-macos-arm64, r-oldrel-macos-x86_64, r-oldrel-windows-x86_64
Version: 0.1.8
Check: dependencies in R code
Result: NOTE
Namespaces in Imports field not imported from:
‘BayesFactor’ ‘GGally’ ‘Hmisc’ ‘WRS2’ ‘boot’ ‘car’ ‘dplyr’ ‘effects’
‘effsize’ ‘forcats’ ‘ggplot2’ ‘lm.beta’ ‘nlme’ ‘readr’ ‘robust’
‘sandwich’ ‘sjstats’ ‘tidyr’
All declared Imports should be used.
Flavors: r-devel-linux-x86_64-fedora-clang, r-devel-linux-x86_64-fedora-gcc, r-oldrel-macos-arm64, r-oldrel-macos-x86_64