CRAN Package Check Results for Package afdx

Last updated on 2021-10-27 13:07:51 CEST.

Flavor Version Tinstall Tcheck Ttotal Status Flags
r-devel-linux-x86_64-debian-clang 1.1.1 5.57 68.15 73.72 OK
r-devel-linux-x86_64-debian-gcc 1.1.1 4.21 50.67 54.88 OK
r-devel-linux-x86_64-fedora-clang 1.1.1 96.46 OK
r-devel-linux-x86_64-fedora-gcc 1.1.1 84.66 OK
r-devel-windows-x86_64 1.1.1 9.00 99.00 108.00 OK
r-devel-windows-x86_64-gcc10-UCRT 1.1.1 OK
r-patched-linux-x86_64 1.1.1 5.03 64.30 69.33 OK
r-patched-solaris-x86 1.1.1 105.60 OK
r-release-linux-x86_64 1.1.1 5.20 64.44 69.64 OK
r-release-macos-arm64 1.1.1 NOTE
r-release-macos-x86_64 1.1.1 OK
r-release-windows-ix86+x86_64 1.1.1 10.00 95.00 105.00 OK
r-oldrel-macos-x86_64 1.1.1 OK
r-oldrel-windows-ix86+x86_64 1.1.1 14.00 97.00 111.00 OK

Check Details

Version: 1.1.1
Check: package dependencies
Result: NOTE
    Package suggested but not available for checking: ‘rjags’
Flavor: r-release-macos-arm64