Last updated on 2023-09-24 21:04:37 CEST.
Flavor | Version | Tinstall | Tcheck | Ttotal | Status | Flags |
---|---|---|---|---|---|---|
r-devel-linux-x86_64-debian-clang | 0.0.1 | 8.66 | 72.84 | 81.50 | OK | |
r-devel-linux-x86_64-debian-gcc | 0.0.1 | 6.81 | 54.28 | 61.09 | OK | |
r-devel-linux-x86_64-fedora-clang | 0.0.1 | 98.71 | NOTE | |||
r-devel-linux-x86_64-fedora-gcc | 0.0.1 | 99.12 | NOTE | |||
r-devel-windows-x86_64 | 0.0.1 | 8.00 | 77.00 | 85.00 | OK | |
r-patched-linux-x86_64 | 0.0.1 | 7.61 | 68.24 | 75.85 | OK | |
r-release-linux-x86_64 | 0.0.1 | 6.74 | 69.37 | 76.11 | OK | |
r-release-macos-arm64 | 0.0.1 | 35.00 | OK | |||
r-release-macos-x86_64 | 0.0.1 | 50.00 | OK | |||
r-release-windows-x86_64 | 0.0.1 | 10.00 | 85.00 | 95.00 | OK | |
r-oldrel-macos-arm64 | 0.0.1 | 32.00 | NOTE | |||
r-oldrel-macos-x86_64 | 0.0.1 | 47.00 | NOTE | |||
r-oldrel-windows-x86_64 | 0.0.1 | 10.00 | 88.00 | 98.00 | OK |
Version: 0.0.1
Check: dependencies in R code
Result: NOTE
Namespaces in Imports field not imported from:
‘DBI’ ‘assertthat’ ‘tibble’
All declared Imports should be used.
Flavors: r-devel-linux-x86_64-fedora-clang, r-devel-linux-x86_64-fedora-gcc, r-oldrel-macos-arm64, r-oldrel-macos-x86_64