Last updated on 2023-09-25 01:03:29 CEST.
Flavor | Version | Tinstall | Tcheck | Ttotal | Status | Flags |
---|---|---|---|---|---|---|
r-devel-linux-x86_64-debian-clang | 0.4.0 | 9.47 | 161.81 | 171.28 | OK | |
r-devel-linux-x86_64-debian-gcc | 0.4.0 | 7.99 | 116.28 | 124.27 | OK | |
r-devel-linux-x86_64-fedora-clang | 0.4.0 | 205.38 | NOTE | |||
r-devel-linux-x86_64-fedora-gcc | 0.4.0 | 216.89 | NOTE | |||
r-devel-windows-x86_64 | 0.4.0 | 8.00 | 140.00 | 148.00 | OK | |
r-patched-linux-x86_64 | 0.4.0 | 14.90 | 154.26 | 169.16 | OK | |
r-release-linux-x86_64 | 0.4.0 | 7.84 | 156.94 | 164.78 | OK | |
r-release-macos-arm64 | 0.4.0 | 72.00 | OK | |||
r-release-macos-x86_64 | 0.4.0 | 124.00 | OK | |||
r-release-windows-x86_64 | 0.4.0 | 10.00 | 161.00 | 171.00 | OK | |
r-oldrel-macos-arm64 | 0.4.0 | 70.00 | OK | |||
r-oldrel-macos-x86_64 | 0.4.0 | 86.00 | NOTE | |||
r-oldrel-windows-x86_64 | 0.4.0 | 12.00 | 160.00 | 172.00 | OK |
Version: 0.4.0
Check: dependencies in R code
Result: NOTE
Namespace in Imports field not imported from: ‘mathjaxr’
All declared Imports should be used.
Flavors: r-devel-linux-x86_64-fedora-clang, r-devel-linux-x86_64-fedora-gcc, r-oldrel-macos-x86_64