CRAN Package Check Results for Package agridat

Last updated on 2021-10-22 12:59:06 CEST.

Flavor Version Tinstall Tcheck Ttotal Status Flags
r-devel-linux-x86_64-debian-clang 1.18 9.73 124.83 134.56 OK
r-devel-linux-x86_64-debian-gcc 1.18 8.48 95.66 104.14 OK
r-devel-linux-x86_64-fedora-clang 1.18 186.97 OK
r-devel-linux-x86_64-fedora-gcc 1.18 170.62 OK
r-devel-windows-x86_64 1.18 22.00 233.00 255.00 OK
r-devel-windows-x86_64-gcc10-UCRT 1.18 NOTE
r-patched-linux-x86_64 1.18 16.82 100.30 117.12 OK
r-patched-solaris-x86 1.18 160.20 OK
r-release-linux-x86_64 1.18 10.73 101.34 112.07 OK
r-release-macos-arm64 1.18 OK
r-release-macos-x86_64 1.18 OK
r-release-windows-ix86+x86_64 1.18 15.00 187.00 202.00 OK
r-oldrel-macos-x86_64 1.18 OK
r-oldrel-windows-ix86+x86_64 1.18 22.00 202.00 224.00 OK

Check Details

Version: 1.18
Check: package dependencies
Result: NOTE
    Package suggested but not available for checking: 'FrF2'
Flavor: r-devel-windows-x86_64-gcc10-UCRT