Last updated on 2023-10-03 09:08:11 CEST.
Flavor | Version | Tinstall | Tcheck | Ttotal | Status | Flags |
---|---|---|---|---|---|---|
r-devel-linux-x86_64-debian-clang | 1.1.0 | 13.46 | 112.69 | 126.15 | NOTE | |
r-devel-linux-x86_64-debian-gcc | 1.1.0 | 10.39 | 79.81 | 90.20 | NOTE | |
r-devel-linux-x86_64-fedora-clang | 1.1.0 | 158.96 | NOTE | |||
r-devel-linux-x86_64-fedora-gcc | 1.1.0 | 152.80 | NOTE | |||
r-devel-windows-x86_64 | 1.1.0 | 13.00 | 92.00 | 105.00 | NOTE | |
r-patched-linux-x86_64 | 1.1.0 | 11.82 | 106.22 | 118.04 | NOTE | |
r-release-linux-x86_64 | 1.1.0 | 10.47 | 105.39 | 115.86 | NOTE | |
r-release-macos-arm64 | 1.1.0 | 49.00 | NOTE | |||
r-release-macos-x86_64 | 1.1.0 | 76.00 | NOTE | |||
r-release-windows-x86_64 | 1.1.0 | 16.00 | 114.00 | 130.00 | NOTE | |
r-oldrel-macos-arm64 | 1.1.0 | 30.00 | NOTE | |||
r-oldrel-macos-x86_64 | 1.1.0 | 59.00 | NOTE | |||
r-oldrel-windows-x86_64 | 1.1.0 | 17.00 | 209.00 | 226.00 | NOTE |
Version: 1.1.0
Check: package dependencies
Result: NOTE
Package which this enhances but not available for checking: ‘asreml’
Flavors: r-devel-linux-x86_64-debian-clang, r-devel-linux-x86_64-debian-gcc, r-devel-linux-x86_64-fedora-clang, r-devel-linux-x86_64-fedora-gcc, r-devel-windows-x86_64, r-patched-linux-x86_64, r-release-linux-x86_64, r-release-macos-arm64, r-release-macos-x86_64, r-release-windows-x86_64, r-oldrel-macos-arm64, r-oldrel-macos-x86_64, r-oldrel-windows-x86_64