CRAN Package Check Results for Package airGR

Last updated on 2019-05-27 04:46:21 CEST.

Flavor Version Tinstall Tcheck Ttotal Status Flags
r-devel-linux-x86_64-debian-clang 1.2.13.16 10.37 171.99 182.36 OK
r-devel-linux-x86_64-debian-gcc 1.2.13.16 8.88 131.72 140.60 OK
r-devel-linux-x86_64-fedora-clang 1.2.13.16 211.55 NOTE
r-devel-linux-x86_64-fedora-gcc 1.2.13.16 207.12 NOTE
r-devel-windows-ix86+x86_64 1.2.13.16 23.00 240.00 263.00 OK
r-patched-linux-x86_64 1.2.13.16 OK
r-patched-solaris-x86 1.2.13.16 362.60 NOTE
r-release-linux-x86_64 1.2.13.16 10.13 166.80 176.93 OK
r-release-windows-ix86+x86_64 1.2.13.16 41.00 298.00 339.00 OK
r-release-osx-x86_64 1.2.13.16 WARN
r-oldrel-windows-ix86+x86_64 1.2.13.16 29.00 248.00 277.00 OK
r-oldrel-osx-x86_64 1.2.13.16 NOTE

Additional issues

LTO

Check Details

Version: 1.2.13.16
Check: data for non-ASCII characters
Result: NOTE
     Note: found 1 marked Latin-1 string
Flavors: r-devel-linux-x86_64-fedora-clang, r-devel-linux-x86_64-fedora-gcc, r-patched-solaris-x86, r-release-osx-x86_64, r-oldrel-osx-x86_64

Version: 1.2.13.16
Check: re-building of vignette outputs
Result: WARN
    Error(s) in re-building vignettes:
    --- re-building ‘V01_get_started.Rmd’ using rmarkdown
    Warning in engine$weave(file, quiet = quiet, encoding = enc) :
     Pandoc (>= 1.12.3) and/or pandoc-citeproc not available. Falling back to R Markdown v1.
    Error: processing vignette 'V01_get_started.Rmd' failed with diagnostics:
    there is no package called 'stringi'
    --- failed re-building ‘V01_get_started.Rmd’
    
    --- re-building ‘V02.1_param_optim.Rmd’ using rmarkdown
    Warning in engine$weave(file, quiet = quiet, encoding = enc) :
     Pandoc (>= 1.12.3) and/or pandoc-citeproc not available. Falling back to R Markdown v1.
    Error: processing vignette 'V02.1_param_optim.Rmd' failed with diagnostics:
    there is no package called 'stringi'
    --- failed re-building ‘V02.1_param_optim.Rmd’
    
    --- re-building ‘V02.2_param_mcmc.Rmd’ using rmarkdown
    Warning in engine$weave(file, quiet = quiet, encoding = enc) :
     Pandoc (>= 1.12.3) and/or pandoc-citeproc not available. Falling back to R Markdown v1.
    Error: processing vignette 'V02.2_param_mcmc.Rmd' failed with diagnostics:
    there is no package called 'stringi'
    --- failed re-building ‘V02.2_param_mcmc.Rmd’
    
    --- re-building ‘V03_param_sets_GR4J.Rmd’ using rmarkdown
    Warning in engine$weave(file, quiet = quiet, encoding = enc) :
     Pandoc (>= 1.12.3) and/or pandoc-citeproc not available. Falling back to R Markdown v1.
    Error: processing vignette 'V03_param_sets_GR4J.Rmd' failed with diagnostics:
    there is no package called 'stringi'
    --- failed re-building ‘V03_param_sets_GR4J.Rmd’
    
    --- re-building ‘V04_cemaneige_hysteresis.Rmd’ using rmarkdown
    Warning in engine$weave(file, quiet = quiet, encoding = enc) :
     Pandoc (>= 1.12.3) and/or pandoc-citeproc not available. Falling back to R Markdown v1.
    Error: processing vignette 'V04_cemaneige_hysteresis.Rmd' failed with diagnostics:
    there is no package called 'stringi'
    --- failed re-building ‘V04_cemaneige_hysteresis.Rmd’
    
    SUMMARY: processing the following files failed:
     ‘V01_get_started.Rmd’ ‘V02.1_param_optim.Rmd’ ‘V02.2_param_mcmc.Rmd’
     ‘V03_param_sets_GR4J.Rmd’ ‘V04_cemaneige_hysteresis.Rmd’
    
    Error: Vignette re-building failed.
    Execution halted
Flavor: r-release-osx-x86_64