CRAN Package Check Results for Package akima

Last updated on 2021-11-27 07:49:42 CET.

Flavor Version Tinstall Tcheck Ttotal Status Flags
r-devel-linux-x86_64-debian-clang 0.6-2.3 OK
r-devel-linux-x86_64-debian-gcc 0.6-2.3 8.73 29.60 38.33 OK
r-devel-linux-x86_64-fedora-clang 0.6-2.3 72.24 NOTE
r-devel-linux-x86_64-fedora-gcc 0.6-2.3 63.10 OK
r-devel-windows-x86_64-new-UL 0.6-2.3 27.00 80.00 107.00 OK
r-devel-windows-x86_64-new-TK 0.6-2.3 OK
r-devel-windows-x86_64-old 0.6-2.3 14.00 61.00 75.00 OK
r-patched-linux-x86_64 0.6-2.3 11.09 36.25 47.34 OK
r-patched-solaris-x86 0.6-2.3 80.90 OK
r-release-linux-x86_64 0.6-2.3 OK
r-release-macos-arm64 0.6-2.3 OK
r-release-macos-x86_64 0.6-2.3 OK
r-release-windows-ix86+x86_64 0.6-2.3 32.00 55.00 87.00 OK
r-oldrel-macos-x86_64 0.6-2.3 OK
r-oldrel-windows-ix86+x86_64 0.6-2.3 27.00 53.00 80.00 OK

Check Details

Version: 0.6-2.3
Check: Rd cross-references
Result: NOTE
    Undeclared package ‘tripack’ in Rd xrefs
Flavor: r-devel-linux-x86_64-fedora-clang