CRAN Package Check Results for Package alookr

Last updated on 2021-10-22 00:50:18 CEST.

Flavor Version Tinstall Tcheck Ttotal Status Flags
r-devel-linux-x86_64-debian-clang 0.3.4 13.96 202.32 216.28 NOTE
r-devel-linux-x86_64-debian-gcc 0.3.4 11.45 151.35 162.80 NOTE
r-devel-linux-x86_64-fedora-clang 0.3.4 273.15 NOTE
r-devel-linux-x86_64-fedora-gcc 0.3.4 251.81 NOTE
r-devel-windows-x86_64 0.3.4 24.00 230.00 254.00 NOTE
r-devel-windows-x86_64-gcc10-UCRT 0.3.4 NOTE
r-patched-linux-x86_64 0.3.4 20.97 200.87 221.84 NOTE
r-patched-solaris-x86 0.3.4 319.90 NOTE
r-release-linux-x86_64 0.3.4 14.94 202.86 217.80 NOTE
r-release-macos-arm64 0.3.4 NOTE
r-release-macos-x86_64 0.3.4 NOTE
r-release-windows-ix86+x86_64 0.3.4 39.00 237.00 276.00 NOTE
r-oldrel-macos-x86_64 0.3.4 OK
r-oldrel-windows-ix86+x86_64 0.3.4 38.00 249.00 287.00 OK

Check Details

Version: 0.3.4
Check: LazyData
Result: NOTE
     'LazyData' is specified without a 'data' directory
Flavors: r-devel-linux-x86_64-debian-clang, r-devel-linux-x86_64-debian-gcc, r-devel-linux-x86_64-fedora-clang, r-devel-linux-x86_64-fedora-gcc, r-devel-windows-x86_64, r-devel-windows-x86_64-gcc10-UCRT, r-patched-linux-x86_64, r-patched-solaris-x86, r-release-linux-x86_64, r-release-macos-arm64, r-release-macos-x86_64, r-release-windows-ix86+x86_64