Last updated on 2023-03-28 16:51:37 CEST.
Flavor | Version | Tinstall | Tcheck | Ttotal | Status | Flags |
---|---|---|---|---|---|---|
r-devel-linux-x86_64-debian-clang | 0.2.2 | 54.48 | 162.73 | 217.21 | NOTE | |
r-devel-linux-x86_64-debian-gcc | 0.2.2 | 35.09 | 120.33 | 155.42 | NOTE | |
r-devel-linux-x86_64-fedora-clang | 0.2.2 | 290.61 | NOTE | |||
r-devel-linux-x86_64-fedora-gcc | 0.2.2 | 285.90 | NOTE | |||
r-devel-windows-x86_64 | 0.2.2 | 63.00 | 257.00 | 320.00 | NOTE | |
r-patched-linux-x86_64 | 0.2.2 | 39.33 | 172.67 | 212.00 | NOTE | |
r-release-linux-x86_64 | 0.2.2 | 37.68 | 173.82 | 211.50 | NOTE | |
r-release-macos-arm64 | 0.2.2 | 76.00 | NOTE | |||
r-release-macos-x86_64 | 0.2.2 | 110.00 | NOTE | |||
r-release-windows-x86_64 | 0.2.2 | 64.00 | 271.00 | 335.00 | NOTE | |
r-oldrel-macos-arm64 | 0.2.2 | 89.00 | NOTE | |||
r-oldrel-macos-x86_64 | 0.2.2 | 208.00 | NOTE | |||
r-oldrel-windows-ix86+x86_64 | 0.2.2 | 116.00 | 283.00 | 399.00 | NOTE |
Version: 0.2.2
Check: LazyData
Result: NOTE
'LazyData' is specified without a 'data' directory
Flavors: r-devel-linux-x86_64-debian-clang, r-devel-linux-x86_64-debian-gcc, r-devel-linux-x86_64-fedora-clang, r-devel-linux-x86_64-fedora-gcc, r-devel-windows-x86_64, r-patched-linux-x86_64, r-release-linux-x86_64, r-release-macos-arm64, r-release-macos-x86_64, r-release-windows-x86_64, r-oldrel-macos-arm64, r-oldrel-macos-x86_64, r-oldrel-windows-ix86+x86_64
Version: 0.2.2
Check: compiled code
Result: NOTE
File ‘alphabetr/libs/alphabetr.so’:
Found no calls to: ‘R_registerRoutines’, ‘R_useDynamicSymbols’
It is good practice to register native routines and to disable symbol
search.
See ‘Writing portable packages’ in the ‘Writing R Extensions’ manual.
Flavors: r-devel-linux-x86_64-fedora-clang, r-devel-linux-x86_64-fedora-gcc