CRAN Package Check Results for Package altair

Last updated on 2024-06-12 20:58:48 CEST.

Flavor Version Tinstall Tcheck Ttotal Status Flags
r-devel-linux-x86_64-debian-clang 4.2.3 7.13 90.79 97.92 OK
r-devel-linux-x86_64-debian-gcc 4.2.3 0.24 1.58 1.82 ERROR
r-devel-linux-x86_64-fedora-clang 4.2.3 124.55 OK
r-devel-linux-x86_64-fedora-gcc 4.2.3 117.12 OK
r-devel-windows-x86_64 4.2.3 8.00 82.00 90.00 OK
r-patched-linux-x86_64 4.2.3 6.87 84.26 91.13 OK
r-release-linux-x86_64 4.2.3 7.22 86.80 94.02 OK
r-release-macos-arm64 4.2.3 36.00 OK
r-release-macos-x86_64 4.2.3 54.00 OK
r-release-windows-x86_64 4.2.3 8.00 84.00 92.00 OK
r-oldrel-macos-arm64 4.2.3 47.00 OK
r-oldrel-macos-x86_64 4.2.3 105.00 OK
r-oldrel-windows-x86_64 4.2.3 11.00 103.00 114.00 OK

Check Details

Version: 4.2.3
Check: package dependencies
Result: ERROR Package required but not available: ‘repr’ Packages suggested but not available for checking: 'purrr', 'readr', 'tibble', 'testthat', 'pryr', 'stringr', 'tidyr', 'dplyr', 'pkgdown' See section ‘The DESCRIPTION file’ in the ‘Writing R Extensions’ manual. Flavor: r-devel-linux-x86_64-debian-gcc