Last updated on 2023-10-03 09:08:11 CEST.
Flavor | Version | Tinstall | Tcheck | Ttotal | Status | Flags |
---|---|---|---|---|---|---|
r-devel-linux-x86_64-debian-clang | 0.8-19 | 9.45 | 35.58 | 45.03 | OK | |
r-devel-linux-x86_64-debian-gcc | 0.8-19 | 8.34 | 28.01 | 36.35 | OK | |
r-devel-linux-x86_64-fedora-clang | 0.8-19 | 58.38 | OK | |||
r-devel-linux-x86_64-fedora-gcc | 0.8-19 | 73.02 | OK | |||
r-devel-windows-x86_64 | 0.8-19 | 13.00 | 72.00 | 85.00 | OK | |
r-patched-linux-x86_64 | 0.8-19 | 12.03 | 33.62 | 45.65 | OK | |
r-release-linux-x86_64 | 0.8-19 | 11.42 | 35.61 | 47.03 | OK | |
r-release-macos-arm64 | 0.8-19 | 30.00 | OK | |||
r-release-macos-x86_64 | 0.8-19 | 37.00 | NOTE | |||
r-release-windows-x86_64 | 0.8-19 | 15.00 | 76.00 | 91.00 | OK | |
r-oldrel-macos-arm64 | 0.8-19 | 23.00 | OK | |||
r-oldrel-macos-x86_64 | 0.8-19 | 33.00 | OK | |||
r-oldrel-windows-x86_64 | 0.8-19 | 23.00 | 81.00 | 104.00 | OK |
Version: 0.8-19
Check: package dependencies
Result: NOTE
Package suggested but not available for checking: ‘Biobase’
Flavor: r-release-macos-x86_64