Last updated on 2023-05-31 08:57:48 CEST.
Flavor | Version | Tinstall | Tcheck | Ttotal | Status | Flags |
---|---|---|---|---|---|---|
r-devel-linux-x86_64-debian-clang | 0.2.1.0 | 22.78 | 443.80 | 466.58 | OK | |
r-devel-linux-x86_64-debian-gcc | 0.2.1.0 | 18.35 | 327.75 | 346.10 | OK | |
r-devel-linux-x86_64-fedora-clang | 0.2.1.0 | 571.20 | OK | |||
r-devel-linux-x86_64-fedora-gcc | 0.2.1.0 | 624.98 | OK | |||
r-devel-windows-x86_64 | 0.2.1.0 | 20.00 | 389.00 | 409.00 | OK | |
r-patched-linux-x86_64 | 0.2.1.0 | 23.32 | 416.34 | 439.66 | OK | |
r-release-linux-x86_64 | 0.2.1.0 | 21.05 | 416.46 | 437.51 | OK | |
r-release-macos-arm64 | 0.2.1.0 | 173.00 | OK | |||
r-release-macos-x86_64 | 0.2.1.0 | 6.00 | ERROR | |||
r-release-windows-x86_64 | 0.2.1.0 | 26.00 | 526.00 | 552.00 | OK | |
r-oldrel-macos-arm64 | 0.2.1.0 | 139.00 | OK | |||
r-oldrel-macos-x86_64 | 0.2.1.0 | 192.00 | OK | |||
r-oldrel-windows-x86_64 | 0.2.1.0 | 27.00 | 438.00 | 465.00 | OK |
Version: 0.2.1.0
Check: package dependencies
Result: ERROR
Package required but not available: ‘ctmm’
See section ‘The DESCRIPTION file’ in the ‘Writing R Extensions’
manual.
Flavor: r-release-macos-x86_64