Last updated on 2023-03-23 23:51:44 CET.
Flavor | Version | Tinstall | Tcheck | Ttotal | Status | Flags |
---|---|---|---|---|---|---|
r-devel-linux-x86_64-debian-clang | 0.2.3 | 44.08 | 36.36 | 80.44 | NOTE | |
r-devel-linux-x86_64-debian-gcc | 0.2.3 | 30.68 | 28.22 | 58.90 | NOTE | |
r-devel-linux-x86_64-fedora-clang | 0.2.3 | 112.17 | NOTE | |||
r-devel-linux-x86_64-fedora-gcc | 0.2.3 | 96.33 | NOTE | |||
r-devel-windows-x86_64 | 0.2.3 | 41.00 | 84.00 | 125.00 | NOTE | |
r-patched-linux-x86_64 | 0.2.3 | 33.77 | 34.89 | 68.66 | OK | |
r-release-linux-x86_64 | 0.2.3 | 32.52 | 35.50 | 68.02 | OK | |
r-release-macos-arm64 | 0.2.3 | 33.00 | OK | |||
r-release-macos-x86_64 | 0.2.3 | 41.00 | OK | |||
r-release-windows-x86_64 | 0.2.3 | 40.00 | 115.00 | 155.00 | OK | |
r-oldrel-macos-arm64 | 0.2.3 | 32.00 | OK | |||
r-oldrel-macos-x86_64 | 0.2.3 | 44.00 | OK | |||
r-oldrel-windows-ix86+x86_64 | 0.2.3 | 104.00 | 88.00 | 192.00 | OK |
Version: 0.2.3
Check: C++ specification
Result: NOTE
Specified C++11: please drop specification unless essential
Flavors: r-devel-linux-x86_64-debian-clang, r-devel-linux-x86_64-debian-gcc, r-devel-linux-x86_64-fedora-clang, r-devel-linux-x86_64-fedora-gcc, r-devel-windows-x86_64