CRAN Package Check Results for Package anesrake

Last updated on 2021-09-21 04:54:52 CEST.

Flavor Version Tinstall Tcheck Ttotal Status Flags
r-devel-linux-x86_64-debian-clang 0.80 12.37 111.34 123.71 OK
r-devel-linux-x86_64-debian-gcc 0.80 11.00 82.45 93.45 OK
r-devel-linux-x86_64-fedora-clang 0.80 156.41 OK
r-devel-linux-x86_64-fedora-gcc 0.80 140.72 OK
r-devel-windows-x86_64 0.80 15.00 99.00 114.00 OK
r-devel-windows-x86_64-gcc10-UCRT 0.80 ERROR
r-patched-linux-x86_64 0.80 11.98 102.27 114.25 OK
r-patched-solaris-x86 0.80 206.50 OK
r-release-linux-x86_64 0.80 11.92 103.92 115.84 OK
r-release-macos-arm64 0.80 OK
r-release-macos-x86_64 0.80 OK
r-release-windows-ix86+x86_64 0.80 33.00 131.00 164.00 OK
r-oldrel-macos-x86_64 0.80 OK
r-oldrel-windows-ix86+x86_64 0.80 32.00 94.00 126.00 OK

Check Details

Version: 0.80
Check: whether package can be installed
Result: WARN
    Found the following significant warnings:
     WARNING: installation-time patches will not be applied, could not get the patches index
Flavor: r-devel-windows-x86_64-gcc10-UCRT

Version: 0.80
Check: PDF version of manual
Result: WARN
    LaTeX errors when creating PDF version.
    This typically indicates Rd problems.
Flavor: r-devel-windows-x86_64-gcc10-UCRT

Version: 0.80
Check: PDF version of manual without hyperrefs or index
Result: ERROR
    Re-running with no redirection of stdout/stderr.
Flavor: r-devel-windows-x86_64-gcc10-UCRT