Last updated on 2023-11-29 15:50:08 CET.
Flavor | Version | Tinstall | Tcheck | Ttotal | Status | Flags |
---|---|---|---|---|---|---|
r-devel-linux-x86_64-debian-clang | 0.18.1 | 10.12 | 155.92 | 166.04 | OK | |
r-devel-linux-x86_64-debian-gcc | 0.18.1 | 6.06 | 122.98 | 129.04 | OK | |
r-devel-linux-x86_64-fedora-clang | 0.18.1 | 179.22 | OK | |||
r-devel-linux-x86_64-fedora-gcc | 0.18.1 | 171.51 | OK | |||
r-devel-windows-x86_64 | 0.18.1 | 9.00 | 114.00 | 123.00 | OK | |
r-patched-linux-x86_64 | 0.18.1 | 14.58 | 137.90 | 152.48 | OK | |
r-release-linux-x86_64 | 0.18.1 | 8.03 | 133.94 | 141.97 | OK | |
r-release-macos-arm64 | 0.18.1 | 54.00 | NOTE | |||
r-release-macos-x86_64 | 0.18.1 | 89.00 | NOTE | |||
r-release-windows-x86_64 | 0.18.1 | 12.00 | 133.00 | 145.00 | OK | |
r-oldrel-macos-arm64 | 0.18.1 | 42.00 | NOTE | |||
r-oldrel-macos-x86_64 | 0.18.1 | 95.00 | OK | |||
r-oldrel-windows-x86_64 | 0.18.1 | 12.00 | 133.00 | 145.00 | OK |
Version: 0.18.1
Check: package dependencies
Result: NOTE
Package suggested but not available for checking: ‘rhdf5’
Flavors: r-release-macos-arm64, r-release-macos-x86_64, r-oldrel-macos-arm64