CRAN Package Check Results for Package antaresProcessing

Last updated on 2024-06-23 12:55:35 CEST.

Flavor Version Tinstall Tcheck Ttotal Status Flags
r-devel-linux-x86_64-debian-clang 0.18.1 10.66 118.12 128.78 OK
r-devel-linux-x86_64-debian-gcc 0.18.1 6.54 123.16 129.70 OK
r-devel-linux-x86_64-fedora-clang 0.18.1 182.72 OK
r-devel-linux-x86_64-fedora-gcc 0.18.1 175.43 OK
r-devel-windows-x86_64 0.18.1 9.00 113.00 122.00 OK
r-patched-linux-x86_64 0.18.1 10.87 135.08 145.95 OK
r-release-linux-x86_64 0.18.1 10.30 140.27 150.57 OK
r-release-macos-arm64 0.18.1 52.00 OK
r-release-macos-x86_64 0.18.1 80.00 OK
r-release-windows-x86_64 0.18.1 10.00 114.00 124.00 OK
r-oldrel-macos-arm64 0.18.1 54.00 NOTE
r-oldrel-macos-x86_64 0.18.1 89.00 NOTE
r-oldrel-windows-x86_64 0.18.1 12.00 133.00 145.00 OK

Check Details

Version: 0.18.1
Check: package dependencies
Result: NOTE Package suggested but not available for checking: ‘rhdf5’ Flavors: r-oldrel-macos-arm64, r-oldrel-macos-x86_64