Last updated on 2023-09-25 05:01:19 CEST.
Flavor | Version | Tinstall | Tcheck | Ttotal | Status | Flags |
---|---|---|---|---|---|---|
r-devel-linux-x86_64-debian-clang | 0.17.1 | 52.61 | 562.22 | 614.83 | OK | |
r-devel-linux-x86_64-debian-gcc | 0.17.1 | 38.61 | 502.18 | 540.79 | OK | |
r-devel-linux-x86_64-fedora-clang | 0.17.1 | 670.22 | OK | |||
r-devel-linux-x86_64-fedora-gcc | 0.17.1 | 457.23 | OK | |||
r-devel-windows-x86_64 | 0.17.1 | 36.00 | 320.00 | 356.00 | OK | |
r-patched-linux-x86_64 | 0.17.1 | 45.09 | 540.07 | 585.16 | OK | |
r-release-linux-x86_64 | 0.17.1 | 32.14 | 532.38 | 564.52 | OK | |
r-release-macos-arm64 | 0.17.1 | 169.00 | NOTE | |||
r-release-macos-x86_64 | 0.17.1 | 299.00 | NOTE | |||
r-release-windows-x86_64 | 0.17.1 | 53.00 | 435.00 | 488.00 | OK | |
r-oldrel-macos-arm64 | 0.17.1 | 174.00 | OK | |||
r-oldrel-macos-x86_64 | 0.17.1 | 199.00 | OK | |||
r-oldrel-windows-x86_64 | 0.17.1 | 53.00 | 413.00 | 466.00 | OK |
Version: 0.17.1
Check: package dependencies
Result: NOTE
Package suggested but not available for checking: ‘rhdf5’
Flavors: r-release-macos-arm64, r-release-macos-x86_64