Last updated on 2023-03-31 16:53:40 CEST.
Flavor | Version | Tinstall | Tcheck | Ttotal | Status | Flags |
---|---|---|---|---|---|---|
r-devel-linux-x86_64-debian-clang | 0.3.0 | 49.06 | 44.39 | 93.45 | NOTE | |
r-devel-linux-x86_64-debian-gcc | 0.3.0 | 33.95 | 34.25 | 68.20 | NOTE | |
r-devel-linux-x86_64-fedora-clang | 0.3.0 | 142.16 | NOTE | |||
r-devel-linux-x86_64-fedora-gcc | 0.3.0 | 133.45 | NOTE | |||
r-devel-windows-x86_64 | 0.3.0 | 190.00 | 121.00 | 311.00 | NOTE | |
r-patched-linux-x86_64 | 0.3.0 | 40.35 | 42.22 | 82.57 | NOTE | |
r-release-linux-x86_64 | 0.3.0 | 40.73 | 43.37 | 84.10 | OK | |
r-release-macos-arm64 | 0.3.0 | 48.00 | NOTE | |||
r-release-macos-x86_64 | 0.3.0 | 91.00 | OK | |||
r-release-windows-x86_64 | 0.3.0 | 187.00 | 122.00 | 309.00 | OK | |
r-oldrel-macos-arm64 | 0.3.0 | 49.00 | NOTE | |||
r-oldrel-macos-x86_64 | 0.3.0 | 98.00 | OK | |||
r-oldrel-windows-ix86+x86_64 | 0.3.0 | 119.00 | 115.00 | 234.00 | NOTE |
Version: 0.3.0
Check: C++ specification
Result: NOTE
Specified C++11: please drop specification unless essential
Flavors: r-devel-linux-x86_64-debian-clang, r-devel-linux-x86_64-debian-gcc, r-devel-linux-x86_64-fedora-clang, r-devel-linux-x86_64-fedora-gcc, r-devel-windows-x86_64, r-patched-linux-x86_64
Version: 0.3.0
Check: installed package size
Result: NOTE
installed size is 5.0Mb
sub-directories of 1Mb or more:
libs 4.5Mb
Flavors: r-release-macos-arm64, r-oldrel-macos-arm64, r-oldrel-windows-ix86+x86_64