CRAN Package Check Results for Package appRiori

Last updated on 2024-03-03 08:52:26 CET.

Flavor Version Tinstall Tcheck Ttotal Status Flags
r-devel-linux-x86_64-debian-clang 0.0.5 12.34 100.82 113.16 OK
r-devel-linux-x86_64-debian-gcc 0.0.5 10.91 76.98 87.89 OK
r-devel-linux-x86_64-fedora-clang 0.0.5 145.57 NOTE
r-devel-linux-x86_64-fedora-gcc 0.0.5 139.45 OK
r-devel-windows-x86_64 0.0.5 12.00 86.00 98.00 OK
r-patched-linux-x86_64 0.0.5 12.41 98.60 111.01 OK
r-release-linux-x86_64 0.0.5 10.31 99.13 109.44 OK
r-release-macos-arm64 0.0.5 47.00 OK
r-release-macos-x86_64 0.0.5 97.00 OK
r-release-windows-x86_64 0.0.5 16.00 100.00 116.00 OK
r-oldrel-macos-arm64 0.0.5 52.00 OK
r-oldrel-windows-x86_64 0.0.5 17.00 108.00 125.00 OK

Check Details

Version: 0.0.5
Check: Rd cross-references
Result: NOTE Undeclared package ‘lme4’ in Rd xrefs Flavor: r-devel-linux-x86_64-fedora-clang