CRAN Package Check Results for Package arena2r

Last updated on 2024-05-21 05:00:41 CEST.

Flavor Version Tinstall Tcheck Ttotal Status Flags
r-devel-linux-x86_64-debian-clang 1.0.0 4.34 44.37 48.71 OK
r-devel-linux-x86_64-debian-gcc 1.0.0 2.81 33.64 36.45 OK
r-devel-linux-x86_64-fedora-clang 1.0.0 64.82 NOTE
r-devel-linux-x86_64-fedora-gcc 1.0.0 71.61 NOTE
r-devel-windows-x86_64 1.0.0 6.00 56.00 62.00 OK
r-patched-linux-x86_64 1.0.0 4.17 41.70 45.87 OK
r-release-linux-x86_64 1.0.0 4.07 42.10 46.17 OK
r-release-macos-arm64 1.0.0 28.00 OK
r-release-windows-x86_64 1.0.0 6.00 56.00 62.00 OK
r-oldrel-macos-arm64 1.0.0 29.00 OK
r-oldrel-macos-x86_64 1.0.0 41.00 OK
r-oldrel-windows-x86_64 1.0.0 6.00 60.00 66.00 OK

Check Details

Version: 1.0.0
Check: dependencies in R code
Result: NOTE Namespaces in Imports field not imported from: ‘purrr’ ‘shinyBS’ ‘shinydashboard’ ‘shinyjs’ All declared Imports should be used. Flavors: r-devel-linux-x86_64-fedora-clang, r-devel-linux-x86_64-fedora-gcc