CRAN Package Check Results for Package aroma.cn

Last updated on 2024-03-01 07:52:37 CET.

Flavor Version Tinstall Tcheck Ttotal Status Flags
r-devel-linux-x86_64-debian-clang 1.7.1 12.60 90.51 103.11 OK
r-devel-linux-x86_64-debian-gcc 1.7.1 9.49 66.93 76.42 OK
r-devel-linux-x86_64-fedora-clang 1.7.1 122.68 OK
r-devel-linux-x86_64-fedora-gcc 1.7.1 121.08 OK
r-devel-windows-x86_64 1.7.1 12.00 83.00 95.00 OK
r-patched-linux-x86_64 1.7.1 14.29 87.45 101.74 OK
r-release-linux-x86_64 1.7.1 11.43 87.25 98.68 OK
r-release-macos-arm64 1.7.1 40.00 NOTE
r-release-macos-x86_64 1.7.1 75.00 NOTE
r-release-windows-x86_64 1.7.1 17.00 92.00 109.00 OK
r-oldrel-macos-arm64 1.7.1 44.00 OK
r-oldrel-windows-x86_64 1.7.1 17.00 101.00 118.00 OK

Check Details

Version: 1.7.1
Check: package dependencies
Result: NOTE Package suggested but not available for checking: ‘GLAD’ Flavors: r-release-macos-arm64, r-release-macos-x86_64