CRAN Package Check Results for Package arrow

Last updated on 2021-12-05 03:59:19 CET.

Flavor Version Tinstall Tcheck Ttotal Status Flags
r-devel-linux-x86_64-debian-clang 6.0.1 2194.89 195.09 2389.98 OK
r-devel-linux-x86_64-debian-gcc 6.0.1 1501.91 145.07 1646.98 OK
r-devel-linux-x86_64-fedora-clang 6.0.1 3613.40 NOTE
r-devel-linux-x86_64-fedora-gcc 6.0.1 2900.23 OK
r-devel-windows-x86_64-new-UL 6.0.1 470.00 584.00 1054.00 NOTE
r-devel-windows-x86_64-new-TK 6.0.1 OK
r-devel-windows-x86_64-old 6.0.1 407.00 291.00 698.00 NOTE
r-patched-linux-x86_64 6.0.1 1762.52 195.19 1957.71 OK
r-release-linux-x86_64 6.0.1 1742.82 194.59 1937.41 OK
r-release-macos-arm64 6.0.1 NOTE
r-release-macos-x86_64 6.0.1 NOTE
r-release-windows-ix86+x86_64 6.0.1 666.00 548.00 1214.00 NOTE
r-oldrel-macos-x86_64 6.0.1 NOTE
r-oldrel-windows-ix86+x86_64 6.0.1 664.00 523.00 1187.00 NOTE

Check Details

Version: 6.0.1
Check: installed package size
Result: NOTE
     installed size is 53.5Mb
     sub-directories of 1Mb or more:
     R 3.7Mb
     libs 48.9Mb
Flavors: r-devel-linux-x86_64-fedora-clang, r-devel-windows-x86_64-new-UL, r-devel-windows-x86_64-old, r-release-macos-arm64, r-release-macos-x86_64, r-release-windows-ix86+x86_64, r-oldrel-macos-x86_64, r-oldrel-windows-ix86+x86_64