CRAN Package Check Results for Package asciiSetupReader

Last updated on 2021-10-16 20:50:35 CEST.

Flavor Version Tinstall Tcheck Ttotal Status Flags
r-devel-linux-x86_64-debian-clang 2.4.0 4.54 234.64 239.18 NOTE
r-devel-linux-x86_64-debian-gcc 2.4.0 3.34 236.65 239.99 NOTE
r-devel-linux-x86_64-fedora-clang 2.4.0 390.74 NOTE
r-devel-linux-x86_64-fedora-gcc 2.4.0 371.55 NOTE
r-devel-windows-x86_64 2.4.0 26.00 258.00 284.00 NOTE
r-devel-windows-x86_64-gcc10-UCRT 2.4.0 NOTE
r-patched-linux-x86_64 2.4.0 4.38 303.89 308.27 NOTE
r-patched-solaris-x86 2.4.0 468.90 NOTE
r-release-linux-x86_64 2.4.0 4.79 304.76 309.55 NOTE
r-release-macos-arm64 2.4.0 NOTE
r-release-macos-x86_64 2.4.0 NOTE
r-release-windows-ix86+x86_64 2.4.0 9.00 302.00 311.00 NOTE
r-oldrel-macos-x86_64 2.4.0 OK
r-oldrel-windows-ix86+x86_64 2.4.0 11.00 299.00 310.00 OK

Check Details

Version: 2.4.0
Check: LazyData
Result: NOTE
     'LazyData' is specified without a 'data' directory
Flavors: r-devel-linux-x86_64-debian-clang, r-devel-linux-x86_64-debian-gcc, r-devel-linux-x86_64-fedora-clang, r-devel-linux-x86_64-fedora-gcc, r-devel-windows-x86_64, r-devel-windows-x86_64-gcc10-UCRT, r-patched-linux-x86_64, r-patched-solaris-x86, r-release-linux-x86_64, r-release-macos-arm64, r-release-macos-x86_64, r-release-windows-ix86+x86_64