Last updated on 2023-03-29 04:51:04 CEST.
Flavor | Version | Tinstall | Tcheck | Ttotal | Status | Flags |
---|---|---|---|---|---|---|
r-devel-linux-x86_64-debian-clang | 4.3.50 | 23.18 | 250.17 | 273.35 | NOTE | |
r-devel-linux-x86_64-debian-gcc | 4.3.50 | 19.67 | 184.28 | 203.95 | NOTE | |
r-devel-linux-x86_64-fedora-clang | 4.3.50 | 335.93 | NOTE | |||
r-devel-linux-x86_64-fedora-gcc | 4.3.50 | 331.69 | NOTE | |||
r-devel-windows-x86_64 | 4.3.50 | 95.00 | 0.00 | 95.00 | NOTE | |
r-patched-linux-x86_64 | 4.3.50 | 32.01 | 237.18 | 269.19 | NOTE | |
r-release-linux-x86_64 | 4.3.50 | 22.27 | 224.83 | 247.10 | NOTE | |
r-release-macos-arm64 | 4.3.50 | 60.00 | NOTE | |||
r-release-macos-x86_64 | 4.3.50 | 109.00 | NOTE | |||
r-release-windows-x86_64 | 4.3.50 | 167.00 | 311.00 | 478.00 | NOTE | |
r-oldrel-macos-arm64 | 4.3.50 | 81.00 | NOTE | |||
r-oldrel-macos-x86_64 | 4.3.50 | 110.00 | NOTE | |||
r-oldrel-windows-ix86+x86_64 | 4.3.50 | 43.00 | 273.00 | 316.00 | NOTE |
Version: 4.3.50
Check: package dependencies
Result: NOTE
Package which this enhances but not available for checking: ‘asreml’
Flavors: r-devel-linux-x86_64-debian-clang, r-devel-linux-x86_64-debian-gcc, r-devel-linux-x86_64-fedora-clang, r-devel-linux-x86_64-fedora-gcc, r-devel-windows-x86_64, r-patched-linux-x86_64, r-release-linux-x86_64, r-release-macos-arm64, r-release-macos-x86_64, r-release-windows-x86_64, r-oldrel-macos-arm64, r-oldrel-macos-x86_64, r-oldrel-windows-ix86+x86_64