CRAN Package Check Results for Package assert

Last updated on 2023-09-30 01:49:50 CEST.

Flavor Version Tinstall Tcheck Ttotal Status Flags
r-devel-linux-x86_64-debian-clang 1.0.1 1.83 19.33 21.16 NOTE
r-devel-linux-x86_64-debian-gcc 1.0.1 1.44 15.17 16.61 NOTE
r-devel-linux-x86_64-fedora-clang 1.0.1 26.48 NOTE
r-devel-linux-x86_64-fedora-gcc 1.0.1 28.79 NOTE
r-devel-windows-x86_64 1.0.1 4.00 35.00 39.00 NOTE
r-patched-linux-x86_64 1.0.1 1.87 20.55 22.42 NOTE
r-release-linux-x86_64 1.0.1 1.80 20.28 22.08 NOTE
r-release-macos-arm64 1.0.1 15.00 NOTE
r-release-macos-x86_64 1.0.1 19.00 NOTE
r-release-windows-x86_64 1.0.1 3.00 46.00 49.00 NOTE
r-oldrel-macos-arm64 1.0.1 17.00 NOTE
r-oldrel-macos-x86_64 1.0.1 20.00 NOTE
r-oldrel-windows-x86_64 1.0.1 5.00 47.00 52.00 NOTE

Check Details

Version: 1.0.1
Check: LazyData
Result: NOTE
     'LazyData' is specified without a 'data' directory
Flavors: r-devel-linux-x86_64-debian-clang, r-devel-linux-x86_64-debian-gcc, r-devel-linux-x86_64-fedora-clang, r-devel-linux-x86_64-fedora-gcc, r-devel-windows-x86_64, r-patched-linux-x86_64, r-release-linux-x86_64, r-release-macos-arm64, r-release-macos-x86_64, r-release-windows-x86_64, r-oldrel-macos-arm64, r-oldrel-macos-x86_64, r-oldrel-windows-x86_64