CRAN Package Check Results for Package assertive.properties

Last updated on 2022-01-18 03:52:06 CET.

Flavor Version Tinstall Tcheck Ttotal Status Flags
r-devel-linux-x86_64-debian-clang 0.0-4 2.92 38.04 40.96 NOTE
r-devel-linux-x86_64-debian-gcc 0.0-4 2.18 29.62 31.80 NOTE
r-devel-linux-x86_64-fedora-clang 0.0-4 51.05 NOTE
r-devel-linux-x86_64-fedora-gcc 0.0-4 38.59 NOTE
r-devel-windows-x86_64-new-UL 0.0-4 309.00 62.00 371.00 NOTE
r-devel-windows-x86_64-new-TK 0.0-4 NOTE
r-patched-linux-x86_64 0.0-4 2.58 36.49 39.07 NOTE
r-release-linux-x86_64 0.0-4 NOTE
r-release-macos-arm64 0.0-4 NOTE
r-release-macos-x86_64 0.0-4 NOTE
r-release-windows-ix86+x86_64 0.0-4 5.00 46.00 51.00 NOTE
r-oldrel-macos-x86_64 0.0-4 OK
r-oldrel-windows-ix86+x86_64 0.0-4 6.00 47.00 53.00 OK

Check Details

Version: 0.0-4
Check: LazyData
Result: NOTE
     'LazyData' is specified without a 'data' directory
Flavors: r-devel-linux-x86_64-debian-clang, r-devel-linux-x86_64-debian-gcc, r-devel-linux-x86_64-fedora-clang, r-devel-linux-x86_64-fedora-gcc, r-devel-windows-x86_64-new-UL, r-devel-windows-x86_64-new-TK, r-patched-linux-x86_64, r-release-linux-x86_64, r-release-macos-arm64, r-release-macos-x86_64, r-release-windows-ix86+x86_64