Last updated on 2023-09-28 20:56:38 CEST.
Flavor | Version | Tinstall | Tcheck | Ttotal | Status | Flags |
---|---|---|---|---|---|---|
r-devel-linux-x86_64-debian-clang | 0.0-3 | 4.17 | 39.83 | 44.00 | NOTE | |
r-devel-linux-x86_64-debian-gcc | 0.0-3 | 3.25 | 30.63 | 33.88 | NOTE | |
r-devel-linux-x86_64-fedora-clang | 0.0-3 | 52.81 | NOTE | |||
r-devel-linux-x86_64-fedora-gcc | 0.0-3 | 54.46 | NOTE | |||
r-devel-windows-x86_64 | 0.0-3 | 4.00 | 61.00 | 65.00 | NOTE | |
r-patched-linux-x86_64 | 0.0-3 | 5.69 | 39.95 | 45.64 | NOTE | |
r-release-linux-x86_64 | 0.0-3 | 4.24 | 39.40 | 43.64 | NOTE | |
r-release-macos-arm64 | 0.0-3 | 21.00 | NOTE | |||
r-release-macos-x86_64 | 0.0-3 | 30.00 | NOTE | |||
r-release-windows-x86_64 | 0.0-3 | 7.00 | 62.00 | 69.00 | NOTE | |
r-oldrel-macos-arm64 | 0.0-3 | 23.00 | NOTE | |||
r-oldrel-macos-x86_64 | 0.0-3 | 28.00 | NOTE | |||
r-oldrel-windows-x86_64 | 0.0-3 | 6.00 | 62.00 | 68.00 | NOTE |
Version: 0.0-3
Check: LazyData
Result: NOTE
'LazyData' is specified without a 'data' directory
Flavors: r-devel-linux-x86_64-debian-clang, r-devel-linux-x86_64-debian-gcc, r-devel-linux-x86_64-fedora-clang, r-devel-linux-x86_64-fedora-gcc, r-devel-windows-x86_64, r-patched-linux-x86_64, r-release-linux-x86_64, r-release-macos-arm64, r-release-macos-x86_64, r-release-windows-x86_64, r-oldrel-macos-arm64, r-oldrel-macos-x86_64, r-oldrel-windows-x86_64
Version: 0.0-3
Check: Rd cross-references
Result: NOTE
Undeclared package ‘pryr’ in Rd xrefs
Flavor: r-devel-linux-x86_64-fedora-clang