CRAN Package Check Results for Package assertive.types

Last updated on 2022-01-17 03:52:57 CET.

Flavor Version Tinstall Tcheck Ttotal Status Flags
r-devel-linux-x86_64-debian-clang 0.0-3 3.10 43.65 46.75 NOTE
r-devel-linux-x86_64-debian-gcc 0.0-3 3.17 37.82 40.99 NOTE
r-devel-linux-x86_64-fedora-clang 0.0-3 59.78 NOTE
r-devel-linux-x86_64-fedora-gcc 0.0-3 48.71 NOTE
r-devel-windows-x86_64-new-UL 0.0-3 252.00 73.00 325.00 NOTE
r-devel-windows-x86_64-new-TK 0.0-3 NOTE
r-patched-linux-x86_64 0.0-3 6.33 42.64 48.97 NOTE
r-release-linux-x86_64 0.0-3 NOTE
r-release-macos-arm64 0.0-3 NOTE
r-release-macos-x86_64 0.0-3 NOTE
r-release-windows-ix86+x86_64 0.0-3 12.00 55.00 67.00 NOTE
r-oldrel-macos-x86_64 0.0-3 OK
r-oldrel-windows-ix86+x86_64 0.0-3 13.00 54.00 67.00 OK

Check Details

Version: 0.0-3
Check: LazyData
Result: NOTE
     'LazyData' is specified without a 'data' directory
Flavors: r-devel-linux-x86_64-debian-clang, r-devel-linux-x86_64-debian-gcc, r-devel-linux-x86_64-fedora-clang, r-devel-linux-x86_64-fedora-gcc, r-devel-windows-x86_64-new-UL, r-devel-windows-x86_64-new-TK, r-patched-linux-x86_64, r-release-linux-x86_64, r-release-macos-arm64, r-release-macos-x86_64, r-release-windows-ix86+x86_64

Version: 0.0-3
Check: Rd cross-references
Result: NOTE
    Undeclared package ‘pryr’ in Rd xrefs
Flavor: r-devel-linux-x86_64-fedora-clang