Last updated on 2023-11-29 04:00:51 CET.
Flavor | Version | Tinstall | Tcheck | Ttotal | Status | Flags |
---|---|---|---|---|---|---|
r-devel-linux-x86_64-debian-clang | 0.3.2 | 8.17 | 250.57 | 258.74 | NOTE | |
r-devel-linux-x86_64-debian-gcc | 0.3.2 | 6.75 | 185.18 | 191.93 | NOTE | |
r-devel-linux-x86_64-fedora-clang | 0.3.2 | 324.60 | NOTE | |||
r-devel-linux-x86_64-fedora-gcc | 0.3.2 | 310.07 | OK | |||
r-devel-windows-x86_64 | 0.3.2 | 7.00 | 156.00 | 163.00 | OK | |
r-patched-linux-x86_64 | 0.3.2 | 13.60 | 240.46 | 254.06 | OK | |
r-release-linux-x86_64 | 0.3.2 | 8.00 | 243.89 | 251.89 | OK | |
r-release-macos-arm64 | 0.3.2 | 95.00 | OK | |||
r-release-macos-x86_64 | 0.3.2 | 153.00 | OK | |||
r-release-windows-x86_64 | 0.3.2 | 11.00 | 193.00 | 204.00 | OK | |
r-oldrel-macos-arm64 | 0.3.2 | 86.00 | OK | |||
r-oldrel-macos-x86_64 | 0.3.2 | 100.00 | OK | |||
r-oldrel-windows-x86_64 | 0.3.2 | 11.00 | 194.00 | 205.00 | OK |
Version: 0.3.2
Check: Rd files
Result: NOTE
checkRd: (-1) gen.Rd:36: Lost braces; missing escapes or markup?
36 | `gen({...}) returns an \link{iteror}.
| ^
Flavors: r-devel-linux-x86_64-debian-clang, r-devel-linux-x86_64-debian-gcc
Version: 0.3.2
Check: Rd cross-references
Result: NOTE
Undeclared package ‘iterators’ in Rd xrefs
Flavor: r-devel-linux-x86_64-fedora-clang