CRAN Package Check Results for Package atmopt

Last updated on 2022-01-26 23:50:10 CET.

Flavor Version Tinstall Tcheck Ttotal Status Flags
r-devel-linux-x86_64-debian-clang 0.1.0 3.30 40.54 43.84 NOTE
r-devel-linux-x86_64-debian-gcc 0.1.0 2.47 32.17 34.64 NOTE
r-devel-linux-x86_64-fedora-clang 0.1.0 54.46 NOTE
r-devel-linux-x86_64-fedora-gcc 0.1.0 47.45 NOTE
r-devel-windows-x86_64-new-UL 0.1.0 21.00 58.00 79.00 NOTE
r-devel-windows-x86_64-new-TK 0.1.0 NOTE
r-patched-linux-x86_64 0.1.0 3.46 39.42 42.88 NOTE
r-release-linux-x86_64 0.1.0 3.56 39.05 42.61 NOTE
r-release-macos-arm64 0.1.0 NOTE
r-release-macos-x86_64 0.1.0 NOTE
r-release-windows-ix86+x86_64 0.1.0 8.00 55.00 63.00 NOTE
r-oldrel-macos-x86_64 0.1.0 OK
r-oldrel-windows-ix86+x86_64 0.1.0 8.00 53.00 61.00 OK

Check Details

Version: 0.1.0
Check: LazyData
Result: NOTE
     'LazyData' is specified without a 'data' directory
Flavors: r-devel-linux-x86_64-debian-clang, r-devel-linux-x86_64-debian-gcc, r-devel-linux-x86_64-fedora-clang, r-devel-linux-x86_64-fedora-gcc, r-devel-windows-x86_64-new-UL, r-devel-windows-x86_64-new-TK, r-patched-linux-x86_64, r-release-linux-x86_64, r-release-macos-arm64, r-release-macos-x86_64, r-release-windows-ix86+x86_64