CRAN Package Check Results for Package audubon

Last updated on 2024-03-05 11:55:28 CET.

Flavor Version Tinstall Tcheck Ttotal Status Flags
r-devel-linux-x86_64-debian-clang 0.5.1 4.47 58.59 63.06 OK
r-devel-linux-x86_64-debian-gcc 0.5.1 3.48 44.59 48.07 OK
r-devel-linux-x86_64-fedora-clang 0.5.1 81.25 NOTE
r-devel-linux-x86_64-fedora-gcc 0.5.1 73.80 NOTE
r-devel-windows-x86_64 0.5.1 6.00 65.00 71.00 OK
r-patched-linux-x86_64 0.5.1 5.87 56.48 62.35 OK
r-release-linux-x86_64 0.5.1 4.59 55.70 60.29 OK
r-release-macos-arm64 0.5.1 28.00 OK
r-release-macos-x86_64 0.5.1 53.00 OK
r-release-windows-x86_64 0.5.1 7.00 74.00 81.00 OK
r-oldrel-macos-arm64 0.5.1 54.00 OK
r-oldrel-windows-x86_64 0.5.1 9.00 76.00 85.00 OK

Check Details

Version: 0.5.1
Check: data for non-ASCII characters
Result: NOTE Note: found 54582 marked UTF-8 strings Flavors: r-devel-linux-x86_64-fedora-clang, r-devel-linux-x86_64-fedora-gcc