CRAN Package Check Results for Package autoMFA

Last updated on 2021-11-28 19:48:45 CET.

Flavor Version Tinstall Tcheck Ttotal Status Flags
r-devel-linux-x86_64-debian-clang 1.0.0 OK
r-devel-linux-x86_64-debian-gcc 1.0.0 6.80 52.45 59.25 OK
r-devel-linux-x86_64-fedora-clang 1.0.0 111.71 NOTE
r-devel-linux-x86_64-fedora-gcc 1.0.0 92.48 NOTE
r-devel-windows-x86_64-new-UL 1.0.0 16.00 97.00 113.00 OK
r-devel-windows-x86_64-new-TK 1.0.0 NOTE
r-devel-windows-x86_64-old 1.0.0 10.00 91.00 101.00 OK
r-patched-linux-x86_64 1.0.0 8.38 67.98 76.36 OK
r-patched-solaris-x86 1.0.0 122.20 NOTE
r-release-linux-x86_64 1.0.0 7.28 69.36 76.64 OK
r-release-macos-arm64 1.0.0 NOTE
r-release-macos-x86_64 1.0.0 NOTE
r-release-windows-ix86+x86_64 1.0.0 15.00 68.00 83.00 OK
r-oldrel-macos-x86_64 1.0.0 NOTE
r-oldrel-windows-ix86+x86_64 1.0.0 24.00 88.00 112.00 OK

Check Details

Version: 1.0.0
Check: dependencies in R code
Result: NOTE
    Namespace in Imports field not imported from: ‘usethis’
     All declared Imports should be used.
Flavors: r-devel-linux-x86_64-fedora-clang, r-devel-linux-x86_64-fedora-gcc, r-devel-windows-x86_64-new-TK, r-patched-solaris-x86, r-release-macos-arm64, r-release-macos-x86_64, r-oldrel-macos-x86_64